{"id":971,"date":"2018-11-08T18:25:54","date_gmt":"2018-11-08T17:25:54","guid":{"rendered":"http:\/\/lagornis.monbacasable.fr\/?p=971"},"modified":"2018-11-08T18:25:54","modified_gmt":"2018-11-08T17:25:54","slug":"trolls","status":"publish","type":"page","link":"https:\/\/old.lagornis.fr\/?page_id=971","title":{"rendered":"Trolls"},"content":{"rendered":"<h2>troll de pierre <\/h2>\n<p>Les trolls de pierre (ou troll des tunnels) sont une esp\u00e8ce de troll vivant sous terre.<br \/>\nVie sociale : les m\u00e2les vivent seul sur de vastes territoires, il n&#8217;est pas rare qu&#8217;un troll partage son territoire avec d&#8217;autres pr\u00e9dateurs mais ils chasse tous autre m\u00e2les s&#8217;introduisant sur leur territoire. On notera tout de m\u00eame que dans les cas o\u00f9 un grand nombre de m\u00e2le vivent dans la m\u00eame r\u00e9gion ceux ci se contentent d&#8217;un territoire bien plus petit qu\u2019usuellement<br \/>\nLes femelles vivent en tribu jusqu&#8217;\u00e0 une vingtaine d&#8217;individus, elles chassent g\u00e9n\u00e9ralement sur le territoire d&#8217;un seul m\u00e2le, m\u00eame si il n&#8217;est pas extraordinaire qu&#8217;elles aillent empi\u00e9ter sur celui des m\u00e2les voisins en cas de tribu trop grande ou de territoire trop petit.<\/p>\n<p>Reproduction : Un m\u00e2le ira s&#8217;installer dans une tribu de femelles jusqu&#8217;\u00e0 ce que 40% de celles ci tombent enceinte et qu&#8217;il se fasse chasser du nid. Il retournera a sa vie de solitude ou rejoindra une autre tribu sur son territoire.<\/p>\n<p>Les jeunes resteront prot\u00e9g\u00e9 dans la tribu, ils seront nourri et \u00e9lev\u00e9 par toutes les femelles (les m\u00e8res ne font pas de distinction entre leurs prog\u00e9niture et celles de la tribu).<\/p>\n<p>Croissance :<br \/>\nArriv\u00e9 \u00e0 l&#8217;age de 1 an les jeunes femelles sont expulser du groupe, si il y a des places vacantes elles tenteront de les prendre (se battant entre elle si n\u00e9cessaire), sinon elles peuvent tent\u00e9 de tuer certaines des plus anciennes de la tribu pour prendre sa place ou partir cr\u00e9e une nouvelle tribu.<br \/>\nArriv\u00e9 \u00e0 l&#8217;age de 1,5 ans, ce sont les m\u00e2les qui s&#8217;en vont, ils partent vers la surface afin de stabilis\u00e9 leur mal\u00e9diction de roche. Ils iront ensuite prendre un territoire (selon la place disponible ils pourront affronter d&#8217;autres m\u00e2les pour prendre leur territoire. ) <\/p>\n<p>Les m\u00e2les sont extr\u00eamement territoriaux et s&#8217;en prendront \u00e0 la plupart des pr\u00e9dateurs qui entrerais sur leur territoire. (g\u00e9n\u00e9ralement les cr\u00e9atures chassant les m\u00eames proies, et les autres troll de pierre m\u00e2les et adulte), ils tol\u00e8rent par contre les cr\u00e9atures plus puissantes qu&#8217;ils ignoreront (comme les dragons, les vers de pierre, les esprits de roches ou les humains).<br \/>\nIls se nourrissent de la plupart des animaux souterrains qu&#8217;ils parviennent \u00e0 chasser (donc les cr\u00e9atures faible) et de champignons des cavernes. Certaines tribu semble cultiv\u00e9 ces champignons. <\/p>\n<p>Les trolls de pierre doivent leur nom \u00e0 la mal\u00e9diction de roche, une magie recouvrant progressivement leur corps de plaques de pierres. Elle est bien moins puissantes sur les femelles qui voit la mal\u00e9diction se stabilise \u00e0 la pubert\u00e9. Mais chez les m\u00e2les, les pierres continu de se propager jusqu&#8217;\u00e0 provoquer la mort du troll (dans la vie sauvage en le rendant incapable de se d\u00e9placer et de chasser, en captivit\u00e9 en obstruant les voies respiratoires). Le soleil stabilise d\u00e9finitivement la mal\u00e9diction, les m\u00e2les plus vieux ont donc g\u00e9n\u00e9ralement des failles dans leur armures de pierre (du fait qu&#8217;ils aient grandit apr\u00e8s que la pierre ai cess\u00e9 de se propager).<br \/>\nMalgr\u00e9 leur vie souterraines, les trolls de pierre conservent l&#8217;excellente vue des trolls, mais ceux ci n\u2019\u00e9tant pas nyctalope elle ne leur ai d&#8217;aucune utilit\u00e9 dans les tunnels, ils utilisent plut\u00f4t leur ou\u00efe et leur odorat sur-d\u00e9velopp\u00e9 pour localis\u00e9 leur proies. Les m\u00e2les poss\u00e8dent \u00e9galement &#8220;le sens de pierre&#8221;, une comp\u00e9tence magique leur permettant de localis\u00e9 avec une tr\u00e8s grande pr\u00e9cision les d\u00e9placements dans les tunnels. <\/p>\n<p>Les m\u00e2les poss\u00e8dent \u00e9galement quelques comp\u00e9tences magiques, leur permettant notamment de g\u00e9n\u00e9rer des piques de pierres, ou des \u00e9boulements.<\/p>\n<p>Leur constitution est \u00e9lev\u00e9, ils sont capable de gu\u00e9rir de la plupart des blessures, r\u00e9siste aux empoisonnements et indigestions. Ils sont capables de courir sur des kilom\u00e8tres (les territoires des m\u00e2les s\u2019\u00e9tendent parfois sur plusieurs dizaines d&#8217;hectares). Ils sont naturellement r\u00e9sistant \u00e0 la magie.<\/p>\n<p>Malgr\u00e9 leur taille imposante et leur masse, les trolls de pierres sont extr\u00eamement rapides et discret.<br \/>\nIls sont un adversaires redoutable pour les aventuriers non pr\u00e9par\u00e9. Du fait de leur extr\u00eame r\u00e9sistante, de leur force phenomenable et des capacit\u00e9s magiques des m\u00e2les un groupe d&#8217;aventurier peut facilement \u00eatre d\u00e9cime par un seul individu.<br \/>\nIl est difficile \u00e9galement d\u2019\u00e9viter le conflit, leurs sens \u00e9tant particuli\u00e8rement adapt\u00e9 sans comp\u00e9tences magiques passer inaper\u00e7u est presque impossible. La fuite est \u00e9galement incertaines, ces cr\u00e9atures \u00e9tant capable de courir pendants des heures \u00e0 la vitesse d&#8217;un cheval de course. Certains aventuriers racontent qu&#8217;en offrant leurs vivres un troll les aurait laiss\u00e9 travers\u00e9, mais beaucoup sont mort malgr\u00e9 cette strat\u00e9gie.<br \/>\nLa lumi\u00e8re du soleil les affaiblit consid\u00e9rablement et les rend extr\u00eamement sensible au feu, ils sont \u00e9galement affect\u00e9 par les temp\u00e9ratures extr\u00eames, un mage semble donc \u00eatre un avantage majeur dans un affrontement.<br \/>\nLes anciens compense leur r\u00e9sistance r\u00e9duite par une intelligence plus avancer, ils sont g\u00e9n\u00e9ralement capable d&#8217;identifier la menace la plus importante d&#8217;un groupe et la cibler.<br \/>\nIls est conseill\u00e9 lors d&#8217;un affrontement avec une de ces cr\u00e9atures de tenter de terminer le combat au plus vite. Une strat\u00e9gie agressive, baser sur la parade et des attaques \u00e0 distances semble \u00eatre la strat\u00e9gie limitant au maximum les pertes. <\/p>\n<h3>troll des marrais perdu <\/h3>\n<p>Les Trolls des marrais vivant dans le marrais perdu sont en r\u00e9alit\u00e9 des trolls de pierres habitu\u00e9 \u00e0 la vie en surface, leur organisation sociale est diff\u00e9rentes, et ils ne poss\u00e8dent pas les propri\u00e9t\u00e9s magiques li\u00e9 \u00e0 la pierre du fait de leur exposition au soleil.<br \/>\nIls vivent g\u00e9n\u00e9ralement en solitaires, chassant dans le marrais. Ils retournement parfois \u00e0 la vie souterraines apres des g\u00e9n\u00e9rations \u00e0 la surface.<br \/>\nLes chercheurs estimes que cette famille de troll provient de troll de pierre chasser de leur habitat naturel par le passage d&#8217;autres cr\u00e9atures. Un troll des marrais perdu est n\u00e9 et a pass\u00e9 les premi\u00e8res semaines de sa vie \u00e0 la surface. Si il a une descendance sous terre celle ci grandira normalement sans la moindre distinction avec un troll de pierre. <\/p>\n<p>Ces trolls ont un cycle de vie nocturne, ils s&#8217;enfouissent sous les algues\/mousses\/eau stagnante du marrais pendant la journ\u00e9e, les rendant quasiment impossible \u00e0 rep\u00e9rer. M\u00eame de nuit, il restent bien plus faible que ceux ayant grandi sous terre, ils restent une menace tangible.<\/p>\n","protected":false},"excerpt":{"rendered":"<p>troll de pierre Les trolls de pierre (ou troll des tunnels) sont une esp\u00e8ce de troll vivant sous terre. Vie sociale : les m\u00e2les vivent seul sur de vastes territoires, il n&#8217;est pas rare qu&#8217;un troll partage son territoire avec d&#8217;autres pr\u00e9dateurs mais ils chasse tous autre m\u00e2les s&#8217;introduisant sur leur territoire. On notera tout &hellip; <a href=\"https:\/\/old.lagornis.fr\/?page_id=971\" class=\"more-link\">Continue reading <span class=\"screen-reader-text\">Trolls<\/span> <span class=\"meta-nav\">&rarr;<\/span><\/a><\/p>\n","protected":false},"author":1,"featured_media":0,"parent":293,"menu_order":0,"comment_status":"open","ping_status":"closed","template":"","meta":{"footnotes":""},"class_list":["post-971","page","type-page","status-publish","hentry"],"_links":{"self":[{"href":"https:\/\/old.lagornis.fr\/index.php?rest_route=\/wp\/v2\/pages\/971","targetHints":{"allow":["GET"]}}],"collection":[{"href":"https:\/\/old.lagornis.fr\/index.php?rest_route=\/wp\/v2\/pages"}],"about":[{"href":"https:\/\/old.lagornis.fr\/index.php?rest_route=\/wp\/v2\/types\/page"}],"author":[{"embeddable":true,"href":"https:\/\/old.lagornis.fr\/index.php?rest_route=\/wp\/v2\/users\/1"}],"replies":[{"embeddable":true,"href":"https:\/\/old.lagornis.fr\/index.php?rest_route=%2Fwp%2Fv2%2Fcomments&post=971"}],"version-history":[{"count":0,"href":"https:\/\/old.lagornis.fr\/index.php?rest_route=\/wp\/v2\/pages\/971\/revisions"}],"up":[{"embeddable":true,"href":"https:\/\/old.lagornis.fr\/index.php?rest_route=\/wp\/v2\/pages\/293"}],"wp:attachment":[{"href":"https:\/\/old.lagornis.fr\/index.php?rest_route=%2Fwp%2Fv2%2Fmedia&parent=971"}],"curies":[{"name":"wp","href":"https:\/\/api.w.org\/{rel}","templated":true}]}}