{"id":967,"date":"2018-10-26T19:09:19","date_gmt":"2018-10-26T17:09:19","guid":{"rendered":"http:\/\/lagornis.monbacasable.fr\/?p=967"},"modified":"2018-10-26T19:09:19","modified_gmt":"2018-10-26T17:09:19","slug":"lordre-du-sang-de-dragon","status":"publish","type":"page","link":"https:\/\/old.lagornis.fr\/?page_id=967","title":{"rendered":"L\u2019ordre du Sang de Dragon"},"content":{"rendered":"<p>L\u2019ordre du Sang de Dragon<\/p>\n<p>Ces chevaliers sont des guerriers exp\u00e9rimenter, voir m\u00eame d\u2019exception, qui ont vou\u00e9 enti\u00e8rement leur vie au Seigneur Dragon. Ils accomplissent sa volont\u00e9 de mani\u00e8re implacable.<\/p>\n<p>Ils sont organis\u00e9s en 3 branches : la premi\u00e8re les Griffe d\u2019Or, qui sont la chambre militante de l\u2019ordre. La seconde, les Plumes d\u2019\u00c9b\u00e8ne, sont plus orienter vers le recueil de connaissance et la garde d\u2019Artefact. Et enfin la derni\u00e8re branche, les Templiers sont des n\u00e9o-draconide ayant pass\u00e9 le rituel dans l\u2019un des antique temple Draconide et surv\u00e9cus \u00e0 l\u2019enti\u00e8ret\u00e9 de ce dernier.<\/p>\n<p>Ils sont consid\u00e9r\u00e9s comme l\u2019\u00e9lite de l\u2019ordre. Le plus courants dans cet ordre est qu\u2019ils sont accompagn\u00e9s d\u2019un dragon, qui sont consid\u00e9r\u00e9 comme membre \u00e0 part enti\u00e8re des Templiers, et ont une relation fraternelle avec ce-dernier.<\/p>\n<p>L\u2019ordre \u00e0 pour philosophie les principes de chevalerie de Draam, la recherche des trace et relique de l&#8217;empire Draconique et la s\u00e9curisation des cit\u00e9es draconique.<\/p>\n<p>Quand il ne sont pas en milieux non draconique (comprenez en hors cit\u00e9e draconique) il se nomment entre eux &#8220;L&#8217;Ordre du Buffet \u00e0 Vaisselle&#8221;, afin de garder identit\u00e9 de l&#8217;ordre cach\u00e9.<\/p>\n","protected":false},"excerpt":{"rendered":"<p>L\u2019ordre du Sang de Dragon Ces chevaliers sont des guerriers exp\u00e9rimenter, voir m\u00eame d\u2019exception, qui ont vou\u00e9 enti\u00e8rement leur vie au Seigneur Dragon. Ils accomplissent sa volont\u00e9 de mani\u00e8re implacable. Ils sont organis\u00e9s en 3 branches : la premi\u00e8re les Griffe d\u2019Or, qui sont la chambre militante de l\u2019ordre. La seconde, les Plumes d\u2019\u00c9b\u00e8ne, sont &hellip; <a href=\"https:\/\/old.lagornis.fr\/?page_id=967\" class=\"more-link\">Continue reading <span class=\"screen-reader-text\">L\u2019ordre du Sang de Dragon<\/span> <span class=\"meta-nav\">&rarr;<\/span><\/a><\/p>\n","protected":false},"author":1,"featured_media":0,"parent":0,"menu_order":0,"comment_status":"open","ping_status":"closed","template":"","meta":{"footnotes":""},"class_list":["post-967","page","type-page","status-publish","hentry"],"_links":{"self":[{"href":"https:\/\/old.lagornis.fr\/index.php?rest_route=\/wp\/v2\/pages\/967","targetHints":{"allow":["GET"]}}],"collection":[{"href":"https:\/\/old.lagornis.fr\/index.php?rest_route=\/wp\/v2\/pages"}],"about":[{"href":"https:\/\/old.lagornis.fr\/index.php?rest_route=\/wp\/v2\/types\/page"}],"author":[{"embeddable":true,"href":"https:\/\/old.lagornis.fr\/index.php?rest_route=\/wp\/v2\/users\/1"}],"replies":[{"embeddable":true,"href":"https:\/\/old.lagornis.fr\/index.php?rest_route=%2Fwp%2Fv2%2Fcomments&post=967"}],"version-history":[{"count":0,"href":"https:\/\/old.lagornis.fr\/index.php?rest_route=\/wp\/v2\/pages\/967\/revisions"}],"wp:attachment":[{"href":"https:\/\/old.lagornis.fr\/index.php?rest_route=%2Fwp%2Fv2%2Fmedia&parent=967"}],"curies":[{"name":"wp","href":"https:\/\/api.w.org\/{rel}","templated":true}]}}