{"id":71,"date":"2017-10-06T10:55:26","date_gmt":"2017-10-06T08:55:26","guid":{"rendered":"http:\/\/lagornis.monbacasable.fr\/?p=71"},"modified":"2017-10-06T10:55:26","modified_gmt":"2017-10-06T08:55:26","slug":"elementaires","status":"publish","type":"page","link":"https:\/\/old.lagornis.fr\/?page_id=71","title":{"rendered":"El\u00e9mentaires"},"content":{"rendered":"<p>Les \u00e9l\u00e9mentaires sont des cr\u00e9atures magiques li\u00e9 \u00e0 un \u00e9l\u00e9ment naturel. Originaire d&#8217;un autre univers, ils arriv\u00e8rent avec la magie lors de la premi\u00e8re ouverture de portail.<br \/>\nLeur magie leurs permet de contr\u00f4ler et de g\u00e9n\u00e9rer leur \u00e9l\u00e9ment. Ils sont sensible aux attaquent physiques et magique, leur taille est proportionnelle \u00e0 leur puissance.<\/p>\n","protected":false},"excerpt":{"rendered":"<p>Les \u00e9l\u00e9mentaires sont des cr\u00e9atures magiques li\u00e9 \u00e0 un \u00e9l\u00e9ment naturel. Originaire d&#8217;un autre univers, ils arriv\u00e8rent avec la magie lors de la premi\u00e8re ouverture de portail. Leur magie leurs permet de contr\u00f4ler et de g\u00e9n\u00e9rer leur \u00e9l\u00e9ment. Ils sont sensible aux attaquent physiques et magique, leur taille est proportionnelle \u00e0 leur puissance.<\/p>\n","protected":false},"author":1,"featured_media":0,"parent":2280,"menu_order":8,"comment_status":"open","ping_status":"closed","template":"","meta":{"footnotes":""},"class_list":["post-71","page","type-page","status-publish","hentry"],"_links":{"self":[{"href":"https:\/\/old.lagornis.fr\/index.php?rest_route=\/wp\/v2\/pages\/71","targetHints":{"allow":["GET"]}}],"collection":[{"href":"https:\/\/old.lagornis.fr\/index.php?rest_route=\/wp\/v2\/pages"}],"about":[{"href":"https:\/\/old.lagornis.fr\/index.php?rest_route=\/wp\/v2\/types\/page"}],"author":[{"embeddable":true,"href":"https:\/\/old.lagornis.fr\/index.php?rest_route=\/wp\/v2\/users\/1"}],"replies":[{"embeddable":true,"href":"https:\/\/old.lagornis.fr\/index.php?rest_route=%2Fwp%2Fv2%2Fcomments&post=71"}],"version-history":[{"count":0,"href":"https:\/\/old.lagornis.fr\/index.php?rest_route=\/wp\/v2\/pages\/71\/revisions"}],"up":[{"embeddable":true,"href":"https:\/\/old.lagornis.fr\/index.php?rest_route=\/wp\/v2\/pages\/2280"}],"wp:attachment":[{"href":"https:\/\/old.lagornis.fr\/index.php?rest_route=%2Fwp%2Fv2%2Fmedia&parent=71"}],"curies":[{"name":"wp","href":"https:\/\/api.w.org\/{rel}","templated":true}]}}