{"id":52,"date":"2017-10-06T10:46:40","date_gmt":"2017-10-06T08:46:40","guid":{"rendered":"http:\/\/lagornis.monbacasable.fr\/?p=52"},"modified":"2017-10-06T10:46:40","modified_gmt":"2017-10-06T08:46:40","slug":"premiere-grande-guerre","status":"publish","type":"page","link":"https:\/\/old.lagornis.fr\/?page_id=52","title":{"rendered":"Premi\u00e8re Grande Guerre"},"content":{"rendered":"\n<p>La premi\u00e8re Guerre fut la p\u00e9riode de transition durant laquelle la civilisation de la science fut d\u00e9truite.Les informations sur cette p\u00e9riode sont plut\u00f4t maigre et incompl\u00e8te, de nombreuse extrapolation sont \u00e0 prendre \u00e0 caution. Elle se divise en trois partie :<\/p>\n\n\n\n<p>-L&#8217;ouverture : Un Univers \u00e9tranger entra en collision avec le notre, cr\u00e9ant un portail par lequel la magie s&#8217;infiltra. Cette magie se condensa en l&#8217;\u00e9l\u00e9mentaire original (<a href=\"http:\/\/lagornis.fr\/elementaires\/\">voir \u00e9l\u00e9mentaire<\/a> ) qui se mit a errer sur la terre. Son influence sur l&#8217;environnement entraina la d\u00e9vastation de plusieurs pays. Les armes conventionnelle n&#8217;ayant aucun effet sur les primordiaux, de nombreuses recherches furent mener sur de nouveaux moyens de se d\u00e9fendre contre l&#8217;entit\u00e9, puis de juste r\u00e9ussir \u00e0 lui survivre. <\/p>\n\n\n\n<p>-Le conflit : Une cause inconnu (associer modernement \u00e0 <a href=\"http:\/\/lagornis.fr\/mythe-des-primordiaux\/\">Lagorn <\/a>) detruisi l&#8217;\u00e9l\u00e9mentaire orignal, et la cr\u00e9ation d&#8217;\u00e9l\u00e9mentaires plus faible et par ce fait, plus conscient de leur environnement. Des individu dot\u00e9 de pouvoirs extraordinaire apparurent \u00e0 cet instant, et commenc\u00e8rent \u00e0 lutter contre les \u00e9l\u00e9mentaires, et donner des nouveaux pouvoirs aux membres de leur clan. Ces nouveaux humains plus puissants, associer avec certaines nouvelles technologies issu des cit\u00e9s tech permirent \u00e0 l&#8217;humanit\u00e9  de voir une lueur d&#8217;espoir dans cette guerre.<\/p>\n\n\n\n<p>-L&#8217;entente : Les causes de d\u00e9clenchement de cette phase sont aujourd&#8217;hui encore inconnue, certains \u00e9l\u00e9mentaires semblent avoir compris les raisons initial de l&#8217;attaque humaine (et leurs responsabilit\u00e9 ) et tentent de faire cesser le conflit, ils enseign\u00e8rent aux humains \u00e0 manipuler la magie qui avait envahit le monde pour lutter contre les autres \u00e9l\u00e9mentaires.<\/p>\n\n\n\n<p>La Premi\u00e8re grande guerre se termina par l&#8217;accord \u00e9l\u00e9mentaire qui certifier que ceux ci \u00e9tait charger de prot\u00e9ger l&#8217;humanit\u00e9 des dangers \u00e9ventuelle. Les \u00e9l\u00e9mentaires les plus puissants s&#8217;endormirent.<br>Cette p\u00e9riode provoqua l&#8217;arriver de la magie dans le monde (et de nombres de cr\u00e9atures magiques ).<\/p>\n","protected":false},"excerpt":{"rendered":"<p>La premi\u00e8re Guerre fut la p\u00e9riode de transition durant laquelle la civilisation de la science fut d\u00e9truite.Les informations sur cette p\u00e9riode sont plut\u00f4t maigre et incompl\u00e8te, de nombreuse extrapolation sont \u00e0 prendre \u00e0 caution. Elle se divise en trois partie : -L&#8217;ouverture : Un Univers \u00e9tranger entra en collision avec le notre, cr\u00e9ant un portail &hellip; <a href=\"https:\/\/old.lagornis.fr\/?page_id=52\" class=\"more-link\">Continue reading <span class=\"screen-reader-text\">Premi\u00e8re Grande Guerre<\/span> <span class=\"meta-nav\">&rarr;<\/span><\/a><\/p>\n","protected":false},"author":1,"featured_media":0,"parent":12,"menu_order":0,"comment_status":"open","ping_status":"open","template":"","meta":{"footnotes":""},"class_list":["post-52","page","type-page","status-publish","hentry"],"_links":{"self":[{"href":"https:\/\/old.lagornis.fr\/index.php?rest_route=\/wp\/v2\/pages\/52","targetHints":{"allow":["GET"]}}],"collection":[{"href":"https:\/\/old.lagornis.fr\/index.php?rest_route=\/wp\/v2\/pages"}],"about":[{"href":"https:\/\/old.lagornis.fr\/index.php?rest_route=\/wp\/v2\/types\/page"}],"author":[{"embeddable":true,"href":"https:\/\/old.lagornis.fr\/index.php?rest_route=\/wp\/v2\/users\/1"}],"replies":[{"embeddable":true,"href":"https:\/\/old.lagornis.fr\/index.php?rest_route=%2Fwp%2Fv2%2Fcomments&post=52"}],"version-history":[{"count":0,"href":"https:\/\/old.lagornis.fr\/index.php?rest_route=\/wp\/v2\/pages\/52\/revisions"}],"up":[{"embeddable":true,"href":"https:\/\/old.lagornis.fr\/index.php?rest_route=\/wp\/v2\/pages\/12"}],"wp:attachment":[{"href":"https:\/\/old.lagornis.fr\/index.php?rest_route=%2Fwp%2Fv2%2Fmedia&parent=52"}],"curies":[{"name":"wp","href":"https:\/\/api.w.org\/{rel}","templated":true}]}}