{"id":363,"date":"2018-06-21T21:36:52","date_gmt":"2018-06-21T19:36:52","guid":{"rendered":"http:\/\/lagornis.monbacasable.fr\/?p=363"},"modified":"2018-06-21T21:36:52","modified_gmt":"2018-06-21T19:36:52","slug":"ile-darlequin","status":"publish","type":"page","link":"https:\/\/old.lagornis.fr\/?page_id=363","title":{"rendered":"Ile d&#8217;arlequin"},"content":{"rendered":"\n<p>Culte et tradition&nbsp;: Les 4 dieux des saisons sont v\u00e9n\u00e9r\u00e9 par les quatre royaumes, il n\u2019y a pas de culte organis\u00e9 mais un ensemble de tradition bas\u00e9 sur les croyances.<br>-Le printemps est le domaine de la demoiselle, c\u2019est une p\u00e9riode de renouveau et de c\u00e9l\u00e9bration, de nombreuses f\u00eates sont organis\u00e9es.<br>-L\u2019\u00e9t\u00e9 est le domaine du guerrier, (aussi associ\u00e9 au soleil ), c\u2019est une de conflit. C\u2019est la seule saison o\u00f9 il est acceptable de partir en guerre, ou de demander en duel un adversaire. Les conflits \u00e0 n\u2019importe quelle autre p\u00e9riode de l\u2019ann\u00e9e sont g\u00e9n\u00e9ralement consid\u00e9rer comme un affront au Guerrier et juger par la troupe du lion.<br>La troupe du lion est un corps arm\u00e9e religieux \u00e9tablit au nord de l\u2019\u00eele dans le temple du soleil. Elle se compose de deux parties distinctes&nbsp;: Les hauts pr\u00eatres, des m\u00e9tamorphes lion (de premier totem ou second), maniant le pouvoir du soleil. Et les paladins, des combattants issu de tout les clans sans distinction. Cette ordre \u00e0 pour vocation d\u2019\u00eatre un partie neutre dans la r\u00e9solution des conflits \u00e0 travers tous le pays, \u00e0 s\u2019assurer que les traditions sont respect\u00e9. Ils assurent aussi la protection de l\u2019\u00eele face aux forces ext\u00e9rieurs qui pourrait vouloir l\u2019agresser.<br>-L\u2019automne est le domaine de l\u2019orpheline, c\u2019est la p\u00e9riode du deuil et des alliances. On y ex\u00e9cute les rituels fun\u00e9raires des morts de l\u2019ann\u00e9e (les corps sont g\u00e9n\u00e9ralement enterr\u00e9 peu de temps apr\u00e8s leur mort, mais les rites sont effectu\u00e9 \u00e0 l\u2019automne ). Les alliances se forment \u00e9galement \u00e0 cette p\u00e9riode. (La tradition exige qu\u2019une alliance de l\u2019automne soit respect\u00e9 une ann\u00e9e).<br>-L\u2019hiver est le domaine de la veuve, les gens se rassemblent et s\u2019entraident. Il s\u2019agit d\u2019une p\u00e9riode de solidarit\u00e9 et de d&#8217;humilit\u00e9.<\/p>\n\n\n\n<p>Les dieux de l\u2019\u00eele ont un impact tr\u00e8s r\u00e9duit sur le monde, le seul effet perceptible est un cycle de saison particuli\u00e8rement pr\u00e9cis et repr\u00e9sentatif (il neige g\u00e9n\u00e9ralement pendant toute la dur\u00e9e de l\u2019hiver, etc .. )<\/p>\n\n\n\n<p>La population intelligente de l\u2019\u00eele est quasi exclusivement constitu\u00e9 de m\u00e9tamorphe, une race humano\u00efde capable de se changer en animaux, chaque individu dispose de plusieurs formes alternative \u00e0 plusieurs niveau de totem (voir M\u00e9tamorphe). Le premier totem \u00e9tant l\u2019animal li\u00e9 de l\u2019individu, engendrant quelques alt\u00e9rations physiques.<br>Il y a quatre tribu sur l\u2019\u00eele, pour les quatre premiers totems existants (le cinqui\u00e8me totem \u00e9tant le lion, particuli\u00e8rement rare)\u00a0: Le chat, l\u2019ours, l\u2019aigle et le cerf, chaque tribu a certains \u00e9l\u00e9ments culturelles sp\u00e9cifiques mais dans l\u2019ensemble la population de l\u2019\u00eele suit les m\u00eames lois et traditions.<br>La vie y est principalement rural (il existe quelques villes, mais elles sont rares), les villages sont dirig\u00e9 par une famille, il est courant que des guerres de territoires ou de contr\u00f4le se fasse entre les villages d\u2019une m\u00eame r\u00e9gions. Les r\u00e9gions sont dirig\u00e9 par des familles nobles, (une famille de village ne peut pas esp\u00e9rer s\u2019\u00e9lever au rang de la noblesse est renverse ses dirigeants, bien quant prenant suffisamment de pouvoir \u00e0 travers des conqu\u00eates locales il puissent impos\u00e9 leur volont\u00e9 \u00e0 leurs seigneurs).<\/p>\n\n\n\n<p>Tribu du cerf : La tribu du cerf est v\u00e9g\u00e9tarienne, et les transformation en carnivore sont consid\u00e9rer comme une impuret\u00e9 dans la famille. (c&#8217;est faux, mais c&#8217;est une mani\u00e8re de discr\u00e9diter des adversaires politiques ). Du coup les gens ont tendance \u00e0 cacher cette capacit\u00e9<\/p>\n\n\n\n<p>Tribu du chat :<\/p>\n\n\n\n<p>Tribu de l&#8217;Ours :<\/p>\n\n\n\n<p>Tribu de l&#8217;Aigle :<\/p>\n","protected":false},"excerpt":{"rendered":"<p>Culte et tradition&nbsp;: Les 4 dieux des saisons sont v\u00e9n\u00e9r\u00e9 par les quatre royaumes, il n\u2019y a pas de culte organis\u00e9 mais un ensemble de tradition bas\u00e9 sur les croyances.-Le printemps est le domaine de la demoiselle, c\u2019est une p\u00e9riode de renouveau et de c\u00e9l\u00e9bration, de nombreuses f\u00eates sont organis\u00e9es.-L\u2019\u00e9t\u00e9 est le domaine du guerrier, &hellip; <a href=\"https:\/\/old.lagornis.fr\/?page_id=363\" class=\"more-link\">Continue reading <span class=\"screen-reader-text\">Ile d&#8217;arlequin<\/span> <span class=\"meta-nav\">&rarr;<\/span><\/a><\/p>\n","protected":false},"author":1,"featured_media":0,"parent":2607,"menu_order":0,"comment_status":"open","ping_status":"closed","template":"","meta":{"footnotes":""},"class_list":["post-363","page","type-page","status-publish","hentry"],"_links":{"self":[{"href":"https:\/\/old.lagornis.fr\/index.php?rest_route=\/wp\/v2\/pages\/363","targetHints":{"allow":["GET"]}}],"collection":[{"href":"https:\/\/old.lagornis.fr\/index.php?rest_route=\/wp\/v2\/pages"}],"about":[{"href":"https:\/\/old.lagornis.fr\/index.php?rest_route=\/wp\/v2\/types\/page"}],"author":[{"embeddable":true,"href":"https:\/\/old.lagornis.fr\/index.php?rest_route=\/wp\/v2\/users\/1"}],"replies":[{"embeddable":true,"href":"https:\/\/old.lagornis.fr\/index.php?rest_route=%2Fwp%2Fv2%2Fcomments&post=363"}],"version-history":[{"count":0,"href":"https:\/\/old.lagornis.fr\/index.php?rest_route=\/wp\/v2\/pages\/363\/revisions"}],"up":[{"embeddable":true,"href":"https:\/\/old.lagornis.fr\/index.php?rest_route=\/wp\/v2\/pages\/2607"}],"wp:attachment":[{"href":"https:\/\/old.lagornis.fr\/index.php?rest_route=%2Fwp%2Fv2%2Fmedia&parent=363"}],"curies":[{"name":"wp","href":"https:\/\/api.w.org\/{rel}","templated":true}]}}