{"id":344,"date":"2018-06-21T11:20:58","date_gmt":"2018-06-21T09:20:58","guid":{"rendered":"http:\/\/lagornis.monbacasable.fr\/?p=344"},"modified":"2018-06-21T11:20:58","modified_gmt":"2018-06-21T09:20:58","slug":"les-terres-obscures","status":"publish","type":"page","link":"https:\/\/old.lagornis.fr\/?page_id=344","title":{"rendered":"Les terres obscures"},"content":{"rendered":"<p>Les terres obscures sont une vaste r\u00e9gion au sud ouest de lagornis caract\u00e9ris\u00e9 par une quantit\u00e9 importante de magie noir. Elles sont divis\u00e9s en plusieurs provinces dont la majorit\u00e9 sont r\u00e9gisses par la loi du plus fort. La r\u00e9gion correspond \u00e0 l\u2019ancienne civilisation des asdal, un peuple ancien sp\u00e9cialis\u00e9 dans l\u2019enchantement. L\u2019ancienne magie des \u00ab\u00a0Loi\u00a0\u00bb y r\u00e8gne toujours\u00a0: toute r\u00e8gle inscrite sur une des tables de loi se voit obligatoirement appliqu\u00e9, les gens \u00e9tant incapable de s\u2019y soustraire. <\/p>\n","protected":false},"excerpt":{"rendered":"<p>Les terres obscures sont une vaste r\u00e9gion au sud ouest de lagornis caract\u00e9ris\u00e9 par une quantit\u00e9 importante de magie noir. Elles sont divis\u00e9s en plusieurs provinces dont la majorit\u00e9 sont r\u00e9gisses par la loi du plus fort. La r\u00e9gion correspond \u00e0 l\u2019ancienne civilisation des asdal, un peuple ancien sp\u00e9cialis\u00e9 dans l\u2019enchantement. L\u2019ancienne magie des \u00ab\u00a0Loi\u00a0\u00bb &hellip; <a href=\"https:\/\/old.lagornis.fr\/?page_id=344\" class=\"more-link\">Continue reading <span class=\"screen-reader-text\">Les terres obscures<\/span> <span class=\"meta-nav\">&rarr;<\/span><\/a><\/p>\n","protected":false},"author":1,"featured_media":0,"parent":2607,"menu_order":0,"comment_status":"open","ping_status":"closed","template":"","meta":{"footnotes":""},"class_list":["post-344","page","type-page","status-publish","hentry"],"_links":{"self":[{"href":"https:\/\/old.lagornis.fr\/index.php?rest_route=\/wp\/v2\/pages\/344","targetHints":{"allow":["GET"]}}],"collection":[{"href":"https:\/\/old.lagornis.fr\/index.php?rest_route=\/wp\/v2\/pages"}],"about":[{"href":"https:\/\/old.lagornis.fr\/index.php?rest_route=\/wp\/v2\/types\/page"}],"author":[{"embeddable":true,"href":"https:\/\/old.lagornis.fr\/index.php?rest_route=\/wp\/v2\/users\/1"}],"replies":[{"embeddable":true,"href":"https:\/\/old.lagornis.fr\/index.php?rest_route=%2Fwp%2Fv2%2Fcomments&post=344"}],"version-history":[{"count":0,"href":"https:\/\/old.lagornis.fr\/index.php?rest_route=\/wp\/v2\/pages\/344\/revisions"}],"up":[{"embeddable":true,"href":"https:\/\/old.lagornis.fr\/index.php?rest_route=\/wp\/v2\/pages\/2607"}],"wp:attachment":[{"href":"https:\/\/old.lagornis.fr\/index.php?rest_route=%2Fwp%2Fv2%2Fmedia&parent=344"}],"curies":[{"name":"wp","href":"https:\/\/api.w.org\/{rel}","templated":true}]}}