{"id":283,"date":"2018-04-08T21:08:29","date_gmt":"2018-04-08T19:08:29","guid":{"rendered":"http:\/\/lagornis.monbacasable.fr\/?p=283"},"modified":"2018-04-08T21:08:29","modified_gmt":"2018-04-08T19:08:29","slug":"terres-sauvages","status":"publish","type":"page","link":"https:\/\/old.lagornis.fr\/?page_id=283","title":{"rendered":"Terres Sauvages"},"content":{"rendered":"<p>Les terres sauvages sont une r\u00e9gion centrale de l&#8217;Est de Lagornis.<br \/>\nIl s&#8217;agit d&#8217;une r\u00e9gion vastement inhospitali\u00e8re de par une population importante de cr\u00e9atures magiques de grande puissance.<br \/>\nLa r\u00e9gion est travers\u00e9 par une rivi\u00e8re de magie particuli\u00e8rement importante, la cause de la multiplication des cr\u00e9atures magiques et l&#8217;augmentation progressive de leur puissance.<br \/>\nLes populations humano\u00efdes sont divis\u00e9 en deux parties :<br \/>\n  -Des tribu nomades, qui vivent de la vente des ressources obtenu sur les cr\u00e9atures magiques.<br \/>\n  -Un bastion de lumi\u00e8re (voir, ange)<\/p>\n","protected":false},"excerpt":{"rendered":"<p>Les terres sauvages sont une r\u00e9gion centrale de l&#8217;Est de Lagornis. Il s&#8217;agit d&#8217;une r\u00e9gion vastement inhospitali\u00e8re de par une population importante de cr\u00e9atures magiques de grande puissance. La r\u00e9gion est travers\u00e9 par une rivi\u00e8re de magie particuli\u00e8rement importante, la cause de la multiplication des cr\u00e9atures magiques et l&#8217;augmentation progressive de leur puissance. Les populations &hellip; <a href=\"https:\/\/old.lagornis.fr\/?page_id=283\" class=\"more-link\">Continue reading <span class=\"screen-reader-text\">Terres Sauvages<\/span> <span class=\"meta-nav\">&rarr;<\/span><\/a><\/p>\n","protected":false},"author":1,"featured_media":0,"parent":2607,"menu_order":0,"comment_status":"open","ping_status":"closed","template":"","meta":{"footnotes":""},"class_list":["post-283","page","type-page","status-publish","hentry"],"_links":{"self":[{"href":"https:\/\/old.lagornis.fr\/index.php?rest_route=\/wp\/v2\/pages\/283","targetHints":{"allow":["GET"]}}],"collection":[{"href":"https:\/\/old.lagornis.fr\/index.php?rest_route=\/wp\/v2\/pages"}],"about":[{"href":"https:\/\/old.lagornis.fr\/index.php?rest_route=\/wp\/v2\/types\/page"}],"author":[{"embeddable":true,"href":"https:\/\/old.lagornis.fr\/index.php?rest_route=\/wp\/v2\/users\/1"}],"replies":[{"embeddable":true,"href":"https:\/\/old.lagornis.fr\/index.php?rest_route=%2Fwp%2Fv2%2Fcomments&post=283"}],"version-history":[{"count":0,"href":"https:\/\/old.lagornis.fr\/index.php?rest_route=\/wp\/v2\/pages\/283\/revisions"}],"up":[{"embeddable":true,"href":"https:\/\/old.lagornis.fr\/index.php?rest_route=\/wp\/v2\/pages\/2607"}],"wp:attachment":[{"href":"https:\/\/old.lagornis.fr\/index.php?rest_route=%2Fwp%2Fv2%2Fmedia&parent=283"}],"curies":[{"name":"wp","href":"https:\/\/api.w.org\/{rel}","templated":true}]}}