{"id":2756,"date":"2020-04-04T16:12:09","date_gmt":"2020-04-04T14:12:09","guid":{"rendered":"http:\/\/lagornis.fr\/?page_id=2756"},"modified":"2020-04-04T16:12:09","modified_gmt":"2020-04-04T14:12:09","slug":"rhanaya","status":"publish","type":"page","link":"https:\/\/old.lagornis.fr\/?page_id=2756","title":{"rendered":"Rhanaya"},"content":{"rendered":"\n<h2 class=\"wp-block-heading\">Azael<\/h2>\n\n\n\n<p>L&#8217;ange Azael peut\nadapter les lois divines au monde physique.<\/p>\n\n\n\n<p>Il appara\u00eet sous la\nforme d&#8217;un ange \u00e0 3 paires d&#8217;ailes Noir et blanches. Une armure noir\naffubl\u00e9 de visage sur les \u00e9paules et d&#8217;un visage principal semi\nform\u00e9, orn\u00e9 d&#8217;une couronne d&#8217;or. Il affiche \u00e9galement des yeux sur\nses genoux, la paumes de ses mains et son abdomen. Quand il d\u00e9cha\u00eene\ntoute l&#8217;\u00e9tendu de sa puissance, sa transformation se fait ressentir\npar son aura et son physique. Il fait alors appara\u00eetre 3 autres\npaires d&#8217;aile, ainsi qu&#8217;une aur\u00e9ole enti\u00e8rement parsem\u00e9 de visage\ninexpressif.<\/p>\n\n\n\n<p>Il discerna chez les\nDrows une curieuse envie de pouvoir et de conqu\u00eate.<\/p>\n\n\n\n<p>Suite \u00e0 la Grande\nGuerre, il essaya de prendre le contr\u00f4le de ces derniers, mais \u00e9tant\nsous la protection de Lloth, les drows ne furent pas corrompu par les\nd\u00e9sirs de l&#8217;Ange. Un duel acharn\u00e9 f\u00eet ensuite rage entre les deux\ndivinit\u00e9s. Leurs force \u00e9gales les emmenas dans une impasse totale.\nSuite \u00e0 cela, une n\u00e9gociation f\u00fbt entamer entre les deux autorit\u00e9s\nsupr\u00eames afin d&#8217;arriver \u00e0 un accord. L&#8217;une accordais une valeur \u00e0\nla force et \u00e0 l&#8217;all\u00e9geance, tendis que l&#8217;autre pr\u00f4nais ordre et\njustice. Un terrain d&#8217;entente pu enfin \u00eatre trouv\u00e9 entre ces deux\nforces. Lloth accorderais la divination \u00e0 Azael, et lui, lui\ndonnerais pouvoir et conqu\u00eate. Ainsi une alliance f\u00fbt former entre\nles deux protagonistes, chacun estimant l&#8217;autre \u00e0 la hauteur de ses\nambitions.<\/p>\n\n\n\n<p>Ainsi naquit le\nculte d&#8217;Azael au saint de la communaut\u00e9 Drow.  \n<\/p>\n\n\n\n<p>Azael se discerne\ndes autres anges par son intelligence et son ouverture d&#8217;esprit. Il\nconsid\u00e8re avant toute choses que les Lois doivent \u00eatre respect\u00e9\nsans aucune transgression possible, ainsi que la droiture et la\nferveur. Les lois ang\u00e9liques sont Autorit\u00e9, et les lois humaines ne\nsont ici que pour r\u00e9guler les infamies. Un envoy\u00e9 d&#8217;Azael peut\noutrepasser ces derni\u00e8res si elles emp\u00eache la r\u00e9alisation des\nmissions, en fonction de leurs importance.<\/p>\n\n\n\n<p>\u00c9tant sage, l&#8217;ange\nse remit \u00e9galement en question \u00e0 force de c\u00f4toyer la race des\nDrows, ce mettant \u00e0 observer plus en profondeur leurs organisation\npropre, en y trouvant une certaine forme d&#8217;art et de justice\nint\u00e9ressante aux yeux d&#8217;un ange tel que lui.<\/p>\n","protected":false},"excerpt":{"rendered":"<p>Azael L&#8217;ange Azael peut adapter les lois divines au monde physique. Il appara\u00eet sous la forme d&#8217;un ange \u00e0 3 paires d&#8217;ailes Noir et blanches. Une armure noir affubl\u00e9 de visage sur les \u00e9paules et d&#8217;un visage principal semi form\u00e9, orn\u00e9 d&#8217;une couronne d&#8217;or. Il affiche \u00e9galement des yeux sur ses genoux, la paumes de &hellip; <a href=\"https:\/\/old.lagornis.fr\/?page_id=2756\" class=\"more-link\">Continue reading <span class=\"screen-reader-text\">Rhanaya<\/span> <span class=\"meta-nav\">&rarr;<\/span><\/a><\/p>\n","protected":false},"author":1,"featured_media":0,"parent":2607,"menu_order":0,"comment_status":"closed","ping_status":"closed","template":"","meta":{"footnotes":""},"class_list":["post-2756","page","type-page","status-publish","hentry"],"_links":{"self":[{"href":"https:\/\/old.lagornis.fr\/index.php?rest_route=\/wp\/v2\/pages\/2756","targetHints":{"allow":["GET"]}}],"collection":[{"href":"https:\/\/old.lagornis.fr\/index.php?rest_route=\/wp\/v2\/pages"}],"about":[{"href":"https:\/\/old.lagornis.fr\/index.php?rest_route=\/wp\/v2\/types\/page"}],"author":[{"embeddable":true,"href":"https:\/\/old.lagornis.fr\/index.php?rest_route=\/wp\/v2\/users\/1"}],"replies":[{"embeddable":true,"href":"https:\/\/old.lagornis.fr\/index.php?rest_route=%2Fwp%2Fv2%2Fcomments&post=2756"}],"version-history":[{"count":0,"href":"https:\/\/old.lagornis.fr\/index.php?rest_route=\/wp\/v2\/pages\/2756\/revisions"}],"up":[{"embeddable":true,"href":"https:\/\/old.lagornis.fr\/index.php?rest_route=\/wp\/v2\/pages\/2607"}],"wp:attachment":[{"href":"https:\/\/old.lagornis.fr\/index.php?rest_route=%2Fwp%2Fv2%2Fmedia&parent=2756"}],"curies":[{"name":"wp","href":"https:\/\/api.w.org\/{rel}","templated":true}]}}