{"id":2752,"date":"2020-04-04T16:09:34","date_gmt":"2020-04-04T14:09:34","guid":{"rendered":"http:\/\/lagornis.fr\/?page_id=2752"},"modified":"2020-04-04T16:09:34","modified_gmt":"2020-04-04T14:09:34","slug":"elfes-noirs","status":"publish","type":"page","link":"https:\/\/old.lagornis.fr\/?page_id=2752","title":{"rendered":"Elfes noirs"},"content":{"rendered":"\n<p>La culture des elfes noirs de Rhanaya est bas\u00e9 sur la domination, la force et la sup\u00e9riorit\u00e9 racial. <\/p>\n","protected":false},"excerpt":{"rendered":"<p>La culture des elfes noirs de Rhanaya est bas\u00e9 sur la domination, la force et la sup\u00e9riorit\u00e9 racial.<\/p>\n","protected":false},"author":1,"featured_media":0,"parent":0,"menu_order":0,"comment_status":"closed","ping_status":"closed","template":"","meta":{"footnotes":""},"class_list":["post-2752","page","type-page","status-publish","hentry"],"_links":{"self":[{"href":"https:\/\/old.lagornis.fr\/index.php?rest_route=\/wp\/v2\/pages\/2752","targetHints":{"allow":["GET"]}}],"collection":[{"href":"https:\/\/old.lagornis.fr\/index.php?rest_route=\/wp\/v2\/pages"}],"about":[{"href":"https:\/\/old.lagornis.fr\/index.php?rest_route=\/wp\/v2\/types\/page"}],"author":[{"embeddable":true,"href":"https:\/\/old.lagornis.fr\/index.php?rest_route=\/wp\/v2\/users\/1"}],"replies":[{"embeddable":true,"href":"https:\/\/old.lagornis.fr\/index.php?rest_route=%2Fwp%2Fv2%2Fcomments&post=2752"}],"version-history":[{"count":0,"href":"https:\/\/old.lagornis.fr\/index.php?rest_route=\/wp\/v2\/pages\/2752\/revisions"}],"wp:attachment":[{"href":"https:\/\/old.lagornis.fr\/index.php?rest_route=%2Fwp%2Fv2%2Fmedia&parent=2752"}],"curies":[{"name":"wp","href":"https:\/\/api.w.org\/{rel}","templated":true}]}}