{"id":2722,"date":"2020-03-27T14:58:42","date_gmt":"2020-03-27T13:58:42","guid":{"rendered":"http:\/\/lagornis.fr\/?page_id=2722"},"modified":"2020-03-27T14:58:42","modified_gmt":"2020-03-27T13:58:42","slug":"dnd","status":"publish","type":"page","link":"https:\/\/old.lagornis.fr\/?page_id=2722","title":{"rendered":"DND"},"content":{"rendered":"\n<p>Le syst\u00e8me de r\u00e8gle dnd Lagornis se base majoritairement sur la 5 eme \u00e9dition de donjon et dragons. (Dont les r\u00e8gles partiels sont trouvable ici : <a href=\"https:\/\/www.aidedd.org\/regles\/\">aidedd<\/a> et les r\u00e8gles compl\u00e8tes (mais payantes ) peuvent se trouver ici : <a href=\"http:\/\/dndbeyond.com\">dndbeyond<\/a> )<\/p>\n\n\n\n<p>Les divergences sont les suivantes : les races jouables sont des races de Lagonis, avec leurs propres statistiques dans le syst\u00e8me dnd, tous le lore, et des trucs cr\u00e9\u00e9e par moi m\u00eame ou d&#8217;autres cr\u00e9ateurs de r\u00e8gles de l&#8217;internet. <\/p>\n","protected":false},"excerpt":{"rendered":"<p>Le syst\u00e8me de r\u00e8gle dnd Lagornis se base majoritairement sur la 5 eme \u00e9dition de donjon et dragons. (Dont les r\u00e8gles partiels sont trouvable ici : aidedd et les r\u00e8gles compl\u00e8tes (mais payantes ) peuvent se trouver ici : dndbeyond ) Les divergences sont les suivantes : les races jouables sont des races de Lagonis, &hellip; <a href=\"https:\/\/old.lagornis.fr\/?page_id=2722\" class=\"more-link\">Continue reading <span class=\"screen-reader-text\">DND<\/span> <span class=\"meta-nav\">&rarr;<\/span><\/a><\/p>\n","protected":false},"author":1,"featured_media":0,"parent":0,"menu_order":0,"comment_status":"closed","ping_status":"closed","template":"","meta":{"footnotes":""},"class_list":["post-2722","page","type-page","status-publish","hentry"],"_links":{"self":[{"href":"https:\/\/old.lagornis.fr\/index.php?rest_route=\/wp\/v2\/pages\/2722","targetHints":{"allow":["GET"]}}],"collection":[{"href":"https:\/\/old.lagornis.fr\/index.php?rest_route=\/wp\/v2\/pages"}],"about":[{"href":"https:\/\/old.lagornis.fr\/index.php?rest_route=\/wp\/v2\/types\/page"}],"author":[{"embeddable":true,"href":"https:\/\/old.lagornis.fr\/index.php?rest_route=\/wp\/v2\/users\/1"}],"replies":[{"embeddable":true,"href":"https:\/\/old.lagornis.fr\/index.php?rest_route=%2Fwp%2Fv2%2Fcomments&post=2722"}],"version-history":[{"count":0,"href":"https:\/\/old.lagornis.fr\/index.php?rest_route=\/wp\/v2\/pages\/2722\/revisions"}],"wp:attachment":[{"href":"https:\/\/old.lagornis.fr\/index.php?rest_route=%2Fwp%2Fv2%2Fmedia&parent=2722"}],"curies":[{"name":"wp","href":"https:\/\/api.w.org\/{rel}","templated":true}]}}