{"id":2645,"date":"2019-06-25T17:01:06","date_gmt":"2019-06-25T15:01:06","guid":{"rendered":"http:\/\/lagornis.monbacasable.fr\/?page_id=2645"},"modified":"2019-06-25T17:01:06","modified_gmt":"2019-06-25T15:01:06","slug":"voyage","status":"publish","type":"page","link":"https:\/\/old.lagornis.fr\/?page_id=2645","title":{"rendered":"Voyage"},"content":{"rendered":"\n<p> En consid\u00e9rant 8h de sommeil pour 1 nuit, 3 heures de repas par jour, 3 heures de pause par jour, 2 heures pour (d\u00e9\/re)monter le camp par jour, nous arrivons \u00e0 8 heures de trajet par jour \u00e0 un rythme normal. <\/p>\n\n\n\n<p>Distance parcourue &#8211; Temps pass\u00e9 1 km \u00e0 pieds &#8211; 12 minutes 10 km \u00e0 pieds &#8211; 2 heures 1 km \u00e0 cheval &#8211; 6 minutes 10 km \u00e0 cheval &#8211; 1 heure 1 km en charrette &#8211; 15 minutes 10 km en charrette &#8211; 2.5 heures <\/p>\n\n\n\n<table class=\"wp-block-table\"><tbody><tr><td>Moyen<\/td><td>1km<\/td><td>10km<\/td><\/tr><tr><td>Pied<\/td><td>12 minutes<\/td><td>2 heures<\/td><\/tr><tr><td>Cheval<\/td><td>6 minutes<\/td><td>1 heure<\/td><\/tr><tr><td>Charrette<\/td><td>15 minutes<\/td><td>2.5 heures<\/td><\/tr><\/tbody><\/table>\n\n\n\n<p>Donc on peut, par jour et suivant ce rythme, parcourir : <\/p>\n\n\n\n<ul class=\"wp-block-list\"><li> \u00c0 pieds &#8211; 40 km  <\/li><li> \u00c0 cheval &#8211; 80 km <\/li><li> En charrette &#8211; 32 km <\/li><\/ul>\n\n\n\n<p>  Sachez en revanche qu&#8217;en partant le matin, selon votre temps de trajet, vous arriverez \u00e0 destination : Temps de trajet (d\u00e9part le matin) &#8211; Arriv\u00e9e \u00e0 destination <\/p>\n\n\n\n<ul class=\"wp-block-list\"><li>3 heures &#8211; Pour midi <\/li><li>6 heures &#8211; En fin de journ\u00e9e <\/li><li>8 heures &#8211; En soir\u00e9e <\/li><\/ul>\n","protected":false},"excerpt":{"rendered":"<p>En consid\u00e9rant 8h de sommeil pour 1 nuit, 3 heures de repas par jour, 3 heures de pause par jour, 2 heures pour (d\u00e9\/re)monter le camp par jour, nous arrivons \u00e0 8 heures de trajet par jour \u00e0 un rythme normal. Distance parcourue &#8211; Temps pass\u00e9 1 km \u00e0 pieds &#8211; 12 minutes 10 km &hellip; <a href=\"https:\/\/old.lagornis.fr\/?page_id=2645\" class=\"more-link\">Continue reading <span class=\"screen-reader-text\">Voyage<\/span> <span class=\"meta-nav\">&rarr;<\/span><\/a><\/p>\n","protected":false},"author":1,"featured_media":0,"parent":0,"menu_order":0,"comment_status":"closed","ping_status":"closed","template":"","meta":{"footnotes":""},"class_list":["post-2645","page","type-page","status-publish","hentry"],"_links":{"self":[{"href":"https:\/\/old.lagornis.fr\/index.php?rest_route=\/wp\/v2\/pages\/2645","targetHints":{"allow":["GET"]}}],"collection":[{"href":"https:\/\/old.lagornis.fr\/index.php?rest_route=\/wp\/v2\/pages"}],"about":[{"href":"https:\/\/old.lagornis.fr\/index.php?rest_route=\/wp\/v2\/types\/page"}],"author":[{"embeddable":true,"href":"https:\/\/old.lagornis.fr\/index.php?rest_route=\/wp\/v2\/users\/1"}],"replies":[{"embeddable":true,"href":"https:\/\/old.lagornis.fr\/index.php?rest_route=%2Fwp%2Fv2%2Fcomments&post=2645"}],"version-history":[{"count":0,"href":"https:\/\/old.lagornis.fr\/index.php?rest_route=\/wp\/v2\/pages\/2645\/revisions"}],"wp:attachment":[{"href":"https:\/\/old.lagornis.fr\/index.php?rest_route=%2Fwp%2Fv2%2Fmedia&parent=2645"}],"curies":[{"name":"wp","href":"https:\/\/api.w.org\/{rel}","templated":true}]}}