{"id":2575,"date":"2019-06-18T18:15:36","date_gmt":"2019-06-18T16:15:36","guid":{"rendered":"http:\/\/lagornis.monbacasable.fr\/?p=2575"},"modified":"2019-06-18T18:15:36","modified_gmt":"2019-06-18T16:15:36","slug":"loups-garous","status":"publish","type":"page","link":"https:\/\/old.lagornis.fr\/?page_id=2575","title":{"rendered":"Loups garous"},"content":{"rendered":"\n<p>Les loups garous sont une sous race humaine ayant subit une mal\u00e9diction. (voir <a href=\"http:\/\/lagornis.fr\/loup-garou\/\">http:\/\/lagornis.fr\/loup-garou\/<\/a> pour les statistiques jouables) <\/p>\n\n\n\n<p>L&#8217;origine exact de la mal\u00e9diction lycanthrope reste flou, mais il s&#8217;agirait \u00e0 l&#8217;origine d&#8217;un sortil\u00e8ge visant \u00e0 renforcer des humains durant la guerre divine. On ignore par exemple si il s&#8217;agissait de faire des guerriers facilement contr\u00f4lable pour lutter contre la r\u00e9bellion humaine, ou de faire des combattants suffisamment puissant pour renverser les dieux et leurs guerriers divins. <\/p>\n\n\n\n<p>Les pouvoirs des loups garous viennent avec des faiblesses : la sensibilit\u00e9 \u00e0 la lumi\u00e8re lunaire qui les rend plus impulsif, plus agressif et peut m\u00eame dans le cas d&#8217;une plaine lune leur faire perdre compl\u00e9tement le contr\u00f4le de leurs actions. Une allergie majeur \u00e0 l&#8217;argent, qu&#8217;ils sont capable de ressentir \u00e0 une dizaine de m\u00e8tres et subisse de grave brulure au moindre contact, les blessures infect\u00e9 par de l&#8217;argent neutralise non seulement le pouvoir naturel de r\u00e9g\u00e9n\u00e9ration du loup garou, mais ralentisse \u00e9galement consid\u00e9rablement sa gu\u00e9rison naturel tout en l&#8217;affaiblissant durablement pendant son r\u00e9tablissement. <\/p>\n\n\n\n<p>Les loups garous poss\u00e8dent trois formes, ils sont g\u00e9n\u00e9ralement capable de changer librement d&#8217;une forme \u00e0 l&#8217;autre, mais en cas d\u2019influence de la lune, de blessures ou de stress majeur ils perdent la capacit\u00e9 de contr\u00f4ler leur transformation et se tourne progressivement vers la forme animal. <\/p>\n\n\n\n<p>Sous toutes leur formes ils conservent des sens ultra d\u00e9velopp\u00e9, notamment l&#8217;odorat.<\/p>\n\n\n\n<h4 class=\"wp-block-heading\">Forme humaine<\/h4>\n\n\n\n<p>Sous forme humaine, un loup garou est difficilement identifiable, m\u00eame si il garde des capacit\u00e9s surnaturelle comme une force accru, une constitution solide et une capacit\u00e9 naturel \u00e0 gu\u00e9rir des blessures. <\/p>\n\n\n\n<h4 class=\"wp-block-heading\">Forme bestial<\/h4>\n\n\n<p>[su_quote cite=&#8221;Hagir, chasseur de loups garous.&#8221;]Des conseils si tu croise un loup garou ? Tu as une \u00e9p\u00e9e d&#8217;argent alors tu l\u2019\u00e9tripe avant qu&#8217;il te fasse la m\u00eame, sinon raccroche toi \u00e0 n&#8217;importe quel dieu que tu v\u00e9n\u00e8re et prie pour qu&#8217;il soit cl\u00e9ment et t&#8217;accorde une mort rapide.[\/su_quote]<\/p>\n\n\n\n<p>La forme bestial est la forme que les gens associe aux loups garous, il s&#8217;agit de leur forme de combat. La forme bestial est souvent nue (les v\u00eatements non adapt\u00e9 \u00e9tant arracher \u00e0 la transformation, bien que les organes g\u00e9nitaux sont int\u00e9rieurs m\u00eame chez les m\u00e2les sous cette forme) , couverte int\u00e9gralement d&#8217;une fourrure allant de blanche \u00e0 noir (en passant par toutes les nuances de gris, en fonction de l&#8217;habitat de la meute g\u00e9n\u00e9ralement ). Leur taille augmente d&#8217;une cinquantaine de centim\u00e8tres et leurs mains et pieds se s&#8217;allonge et se terminent par des griffes ac\u00e9r\u00e9. Leur posture est souvent pench\u00e9 en avant, pr\u00e8s \u00e0 bondir. Leur visage s\u2019\u00e9tire vers l&#8217;avant et leurs dents s&#8217;allonge et deviennent des canines. Leurs sens, leur force et leur r\u00e9flexes sont d\u00e9cupl\u00e9. Malgr\u00e9 leur visage difform\u00e9, ils sont toujours capables de parler les langues humaines, bien que leur voix soit modifi\u00e9 et bien plus roque. <\/p>\n\n\n\n<p>La capacit\u00e9 de r\u00e9g\u00e9n\u00e9ration de la forme bestial est \u00e9galement accru et leur peau devient plus r\u00e9sistants, les puissants deviennent pratiquement insensibles aux blessures physiques.<\/p>\n\n\n<p>[su_quote cite=&#8221;Hagir, chasseur de loups garous.&#8221;] Te cach\u00e9 ? Si tu vois l&#8217;une de ces bestioles qui rode dans la campagne, sa fait d\u00e9j\u00e0 10 minutes qu&#8217;il t&#8217;as renifl\u00e9, si tu as le temps de penser \u00e0 ce genre d&#8217;id\u00e9e d\u00e9bile c&#8217;est qu&#8217;il a peut \u00eatre quelque chose de mieux \u00e0 faire que te ramener \u00e0 sa meute. Ou que son pote est derri\u00e8re toi. -Hagir, chasseur de loups garous.[\/su_quote]<\/p>\n\n\n\n<h4 class=\"wp-block-heading\">Forme animal<\/h4>\n\n\n\n<p>Les loups garous sont \u00e9galement capable de prend l\u2019apparence d&#8217;un loup massif, g\u00e9n\u00e9ralement quand ils tente d\u2019\u00eatre discret, pour chasser, ou si ils perdent le contr\u00f4le de leur transformation. La forme animal augmente encore leurs odorat et leur fournit une excellent vision nocturne, mais n&#8217;accroit par leur r\u00e9sistance ou leur r\u00e9g\u00e9n\u00e9ration. <\/p>\n\n\n\n<h3 class=\"wp-block-heading\">Vie social<\/h3>\n\n\n\n<p>Les loups garous vivent g\u00e9n\u00e9ralement en meute, c&#8217;est \u00e0 dire un groupe de loups garous dirig\u00e9 par un chef, ce n&#8217;est pas seulement un moyen de se prot\u00e9ger mais une n\u00e9cessit\u00e9 biologique, \u00e9loign\u00e9 d&#8217;un groupe un loup garou subit ce qui est appel\u00e9 &#8220;le syndrome du banni&#8221; <\/p>\n\n\n\n<p>Quand ils vivent dans des soci\u00e9t\u00e9s humaines, les lycanthropes gardent g\u00e9n\u00e9ralement leur forme humaines, sauf si ils sont menac\u00e9, certains passent parfois leur vie enti\u00e8re sans jamais se transform\u00e9. Ils restent souvent cach\u00e9 \u00e0 cause de la crainte que leur race inspire et des chasses qu&#8217;ils subissent. La province de Sheena au nord est des terres obscures est le seul exemple d&#8217;une soci\u00e9t\u00e9 o\u00f9 les loups garous vivent librement avec une autre race sans se cach\u00e9. <\/p>\n\n\n\n<p>Quand ils vivent entre eux ( le royaume de bulgop au sud ouest, ou des tribus isol\u00e9 dispers\u00e9 \u00e0 travers les terres obscures, les terres sauvages et quelques forets ailleurs sur lagornis. ), ils ont tendance \u00e0 librement alterne entre la forme bestial et humaine. Ils vivent une vie libre lib\u00e9r\u00e9 de la plupart des contraintes usuellement reconnu par le reste du monde, il vive au jour le jour et ne s\u2019inqui\u00e8te gu\u00e8re du sort du reste du monde. La hi\u00e9rarchie chez les loups garous est bas\u00e9 sur le status, et le combat. Le dirigeant d&#8217;une meute est toujours un alpha, et celui ci doit s&#8217;assurer de garder sa place.<\/p>\n\n\n\n<h3 class=\"wp-block-heading\">Status<\/h3>\n\n\n\n<p>Les loups garous sont class\u00e9 par status, c&#8217;est souvent \u00e0 l&#8217;arriv\u00e9 de l&#8217;age adulte (ou le moment de la mal\u00e9diction) que le status est d\u00e9cid\u00e9 (\u00e0 l&#8217;exception des bannis). <\/p>\n\n\n\n<h4 class=\"wp-block-heading\">B\u00eata<\/h4>\n\n\n\n<p>Les b\u00eata sont la majorit\u00e9 des loups garous, ils n&#8217;ont pas d&#8217;ambition de dirig\u00e9 et vivent leur vie de leur cot\u00e9, ce sont eux qui n\u00e9cessite le plus une meute car il s&#8217;agit du seul groupe \u00e0 subir le syndrome du banni. <\/p>\n\n\n\n<p>En l&#8217;absence d&#8217;un alpha, ils commencent \u00e0 souffrir de divers troubles mentaux (parano\u00efa, crise  d&#8217;angoisse, hallucination) et finissent g\u00e9n\u00e9ralement par devenir des bannis .   Ils sont soumis aux alpha, c&#8217;est \u00e0 dire qu&#8217;ils sont forc\u00e9 d\u2019ob\u00e9ir \u00e0 leur chef de meute, m\u00eame si ses ordres vont \u00e0 l&#8217;encontre de ses convictions ou de sa survie. Dans certains cas extr\u00eames, un beta deviendra un alpha si son alpha est trop brutal ou abuse de son pouvoir, il tentera g\u00e9n\u00e9ralement de devenir le chef de meute  \u00e0 la place de l&#8217;ancien alpha.Parfois si le chef de meute meurt sans qu&#8217;il y ai un alpha dans la meute un des b\u00eata les puissants peut devenir un alpha.  Environ 80% des loups garous. Ils peuvent g\u00e9n\u00e9ralement vivre jusqu&#8217;\u00e0 250 ans avant que leur age les  rattrapes et qu&#8217;ils comment \u00e0 perdre progressivement leurs pouvoirs. <\/p>\n\n\n\n<h4 class=\"wp-block-heading\">Alpha<\/h4>\n\n\n\n<p>Ce sont des leaders nait, ils sont capable d&#8217;imposer leur volont\u00e9 sur les b\u00eata, mais d\u00e9gage \u00e9galement une aura de puissance qui pousse les humains (et les loups )  \u00e0 les craindre, leur faire confiance, ou a ob\u00e9ir. Quand dans une cit\u00e9 ils se retrouvent souvent \u00e0 des postes politiques important. Il peut y avoir plusieurs alpha dans une meute, g\u00e9n\u00e9ralement il y a des combats \u00e0 l&#8217;arriv\u00e9 d&#8217;un nouvel alpha dans la meute pour d\u00e9terminer le chef, les perdants baisse la t\u00eate et son autoriser \u00e0 rester dans la meute. <\/p>\n\n\n\n<p>Dans les petites meutes (jusqu\u2019\u00e0 une quarantaine d&#8217;individu), l&#8217;alpha perdant prendra un r\u00f4le de b\u00eata (et pourra finir par devenir un b\u00eata avec le temps)<\/p>\n\n\n\n<p>Dans une meute plus importante, un alpha battu aura souvent \u00e0 g\u00e9rer des plus petits groupes, il reste inf\u00e9rieur au chef mais agit comme un second chef (une hi\u00e9rarchie similaire \u00e0 roi &#8211; ministre ) <\/p>\n\n\n\n<p>Un alpha est naturellement plus puissant qu&#8217;un b\u00eata, ses capacit\u00e9s de lycanthropes sont accru (force, r\u00e9g\u00e9n\u00e9ration, rapidit\u00e9). Ils peuvent g\u00e9n\u00e9ralement vivre jusqu&#8217;\u00e0 300 ans avant que leur age les rattrapes et qu&#8217;ils comment \u00e0 perdre progressivement leurs pouvoirs.<\/p>\n\n\n\n<p>Un alpha peut vivre un long moment par lui m\u00eame, mais il a besoin de commander pour rester alpha, en l&#8217;absence d&#8217;individu sous ses ordres il finit par perdre son autorit\u00e9 naturel et devenir un b\u00eata (et subir le syndrome du banni ). Environ 15% des loups garous.<\/p>\n\n\n\n<h4 class=\"wp-block-heading\">Om\u00e9ga<\/h4>\n\n\n\n<p>Les om\u00e9ga sont similaire aux alpha en termes de puissance, mais ne b\u00e9n\u00e9ficie pas de l&#8217;autorit\u00e9 naturel de ceux ci (que ce soit sur les loups garous ou les humains). Il ne subit pas le moindre trouble  en l&#8217;absence de leurs paires et ne subissent donc jamais le syndrome du banni.Ils sont \u00e9galement insensible \u00e0 l&#8217;autorit\u00e9 des alpha. Dans les meutes ils prennent souvent des r\u00f4les de b\u00eata, mais ne perdent jamais leur force. G\u00e9n\u00e9ralement mal vue dans les meutes car souvent rebelle et n\u2019ob\u00e9issant pas aux ordres, ils sont parfois d&#8217;excellents contre pouvoir. La plupart d&#8217;entre autre vivent en dehors des meutes, en solitaire (parfois comme ermite, mais plus souvent au sein de villes humaines en cachant leur nature.) <\/p>\n\n\n\n<h4 class=\"wp-block-heading\">Banni<\/h4>\n\n\n\n<p> Les banni sont des loups garous ayant subit les effets terminaux du syndrome du banni (d&#8217;o\u00f9 le nom). Ils ont fini par perdre la raison et  conserve en permanence leur forme bestial et massacre brutalement toute  forme de vie passant \u00e0 leur port\u00e9. Ils restent par contre extr\u00eamement sensible \u00e0 l&#8217;autorit\u00e9 d&#8217;un alpha, mais cet \u00e9tat est permanent. Certaines meutes acceptent de r\u00e9cup\u00e9rer un banni pour s&#8217;en servir d&#8217;arme, mais il s&#8217;agit de quelque chose d\u2019extr\u00eamement mal per\u00e7u. G\u00e9n\u00e9ralement ils sont ex\u00e9cut\u00e9 par l&#8217;alpha de la meute qui les trouve, pour abr\u00e9ger leurs malheurs. <\/p>\n\n\n\n<p>Le nom du syndrome vient du fait qu&#8217;\u00e0 l&#8217;origine les loups subissant cet \u00e9tat \u00e9tait des criminels banni par leur meute. Il s&#8217;agit d&#8217;une punition dur et cruel, rarement utiliser \u00e0 l&#8217;age moderne o\u00f9 les meutes de loup garou essayent de rester discr\u00e8te sur leur existence. <\/p>\n\n\n\n<h3 class=\"wp-block-heading\">Transmission<\/h3>\n\n\n\n<p>La transmission de la lycanthropie peut se produire de 3 mani\u00e8res diff\u00e9rentes : <\/p>\n\n\n\n<h6 class=\"wp-block-heading\">H\u00e9r\u00e9ditaire<\/h6>\n\n\n\n<p>Les enfants d&#8217;un loup garou sont des loups garous, ind\u00e9pendamment de la nature du second parent. <\/p>\n\n\n\n<h6 class=\"wp-block-heading\">Morsure<\/h6>\n\n\n\n<p>Dans de rare cas, une morsure de loup garou peut transmettre la malediction et chang\u00e9 la victime en loup garou. Il est indertminer quelles sont les facteurs augmentant les risques.<\/p>\n\n\n\n<h6 class=\"wp-block-heading\">Magie<\/h6>\n\n\n\n<p>Les loups garous ont \u00e9t\u00e9 originellement cr\u00e9\u00e9e par un sortil\u00e8ge, celui ci c&#8217;est transmit et certains mages peuvent l&#8217;avoir acquit et \u00eatre capable de l&#8217;utiliser. Certaines ruines sont d\u00e9fendu avec des pi\u00e8ges magiques qui change leur victime en loup garou (l&#8217;objectif \u00e9tant que le point majeur de la ruine est prot\u00e9ger avec de l&#8217;argent, rendant impossible pour le nouveau loup garou d&#8217;y acc\u00e9der. En plus de cela, ces loups garous se retrouvent seul dans la ruine et peuvent s&#8217;y perdre et devenir des bannis qui garderont l&#8217;endroit (parfois un effet similaire est induis via des magies qui g\u00ean\u00e8rent de la lumi\u00e8re lunaire ) .<\/p>\n","protected":false},"excerpt":{"rendered":"<p>Les loups garous sont une sous race humaine ayant subit une mal\u00e9diction. (voir http:\/\/lagornis.fr\/loup-garou\/ pour les statistiques jouables) L&#8217;origine exact de la mal\u00e9diction lycanthrope reste flou, mais il s&#8217;agirait \u00e0 l&#8217;origine d&#8217;un sortil\u00e8ge visant \u00e0 renforcer des humains durant la guerre divine. On ignore par exemple si il s&#8217;agissait de faire des guerriers facilement contr\u00f4lable &hellip; <a href=\"https:\/\/old.lagornis.fr\/?page_id=2575\" class=\"more-link\">Continue reading <span class=\"screen-reader-text\">Loups garous<\/span> <span class=\"meta-nav\">&rarr;<\/span><\/a><\/p>\n","protected":false},"author":1,"featured_media":0,"parent":2612,"menu_order":0,"comment_status":"open","ping_status":"closed","template":"","meta":{"footnotes":""},"class_list":["post-2575","page","type-page","status-publish","hentry"],"_links":{"self":[{"href":"https:\/\/old.lagornis.fr\/index.php?rest_route=\/wp\/v2\/pages\/2575","targetHints":{"allow":["GET"]}}],"collection":[{"href":"https:\/\/old.lagornis.fr\/index.php?rest_route=\/wp\/v2\/pages"}],"about":[{"href":"https:\/\/old.lagornis.fr\/index.php?rest_route=\/wp\/v2\/types\/page"}],"author":[{"embeddable":true,"href":"https:\/\/old.lagornis.fr\/index.php?rest_route=\/wp\/v2\/users\/1"}],"replies":[{"embeddable":true,"href":"https:\/\/old.lagornis.fr\/index.php?rest_route=%2Fwp%2Fv2%2Fcomments&post=2575"}],"version-history":[{"count":0,"href":"https:\/\/old.lagornis.fr\/index.php?rest_route=\/wp\/v2\/pages\/2575\/revisions"}],"up":[{"embeddable":true,"href":"https:\/\/old.lagornis.fr\/index.php?rest_route=\/wp\/v2\/pages\/2612"}],"wp:attachment":[{"href":"https:\/\/old.lagornis.fr\/index.php?rest_route=%2Fwp%2Fv2%2Fmedia&parent=2575"}],"curies":[{"name":"wp","href":"https:\/\/api.w.org\/{rel}","templated":true}]}}