{"id":2544,"date":"2019-06-10T13:45:34","date_gmt":"2019-06-10T11:45:34","guid":{"rendered":"http:\/\/lagornis.monbacasable.fr\/?p=2544"},"modified":"2019-06-10T13:45:34","modified_gmt":"2019-06-10T11:45:34","slug":"potions","status":"publish","type":"page","link":"https:\/\/old.lagornis.fr\/?page_id=2544","title":{"rendered":"Potions"},"content":{"rendered":"\n<table class=\"wp-block-table\"><tbody><tr><td><\/td><td><strong><em>Potions&nbsp;:<\/em><\/strong><\/td><td><\/td><td><\/td><\/tr><tr><td><strong>Nom<\/strong><\/td><td><strong>Prix&nbsp;: Petite<\/strong><\/td><td><strong>Prix&nbsp;: Grande (3 doses )<\/strong><\/td><td><strong>Effets<\/strong><\/td><\/tr><tr><td>vie<\/td><td>6<\/td><td>15<\/td><td>1d6 vie<\/td><\/tr><tr><td>vie sup\u00e9rieur<\/td><td>10<\/td><td>25<\/td><td>1d6 +3 vie<\/td><\/tr><tr><td>mana<\/td><td>10<\/td><td>25<\/td><td>1d6 pm<\/td><\/tr><tr><td>man sup\u00e9rieur<\/td><td>20<\/td><td>50<\/td><td>2d6 pm<\/td><\/tr><tr><td>mana supr\u00eame<\/td><td>50<\/td><td>130<\/td><td>2d8+4 pm<\/td><\/tr><tr><td>R\u00e9surrection<\/td><td>1500<\/td><td><\/td><td>Ressuscite un personnage consentant mort depuis moins de 7 jours.<\/td><\/tr><tr><td>Force<\/td><td>20<\/td><td>50<\/td><td>+1 Fo 1h<\/td><\/tr><tr><td>Adresse<\/td><td>20<\/td><td>50<\/td><td>+1 Adr 1h<\/td><\/tr><tr><td>Magie<\/td><td>20<\/td><td>50<\/td><td>+1 Mag 1h<\/td><\/tr><tr><td>\u00c9lixir de pouvoir<\/td><td>50<\/td><td><\/td><td>+1 Mag permanent, +10 ans<\/td><\/tr><tr><td>\u00c9lixir de force<\/td><td>50<\/td><td><\/td><td>+1 Fo permanent, -5 pv max<\/td><\/tr><tr><td>Potion de r\u00e9sistance<\/td><td>30<\/td><td><\/td><td>+1 armure 1h<\/td><\/tr><tr><td>Purification 5L<\/td><td>5<\/td><td><\/td><td>Purifie jusqu\u2019\u00e0 5L de vivres.<\/td><\/tr><tr><td>Anti poison<\/td><td>3<\/td><td><\/td><td>Neutralise un poison standard.<\/td><\/tr><tr><td>R\u00e9sistances aux \u00e9l\u00e9ments<\/td><td>10<\/td><td>25<\/td><td>Prot\u00e8ge des effets de climat (froid\/chaud)<\/td><\/tr><tr><td>R\u00e9sistance \u00e0 la douleur<\/td><td>15<\/td><td>40<\/td><td>pendant 6h, double les jet de r\u00e9sistante  \u00e0 la douleur et de volont\u00e9. -2 cons<\/td><\/tr><\/tbody><\/table>\n","protected":false},"excerpt":{"rendered":"<p>Potions&nbsp;: Nom Prix&nbsp;: Petite Prix&nbsp;: Grande (3 doses ) Effets vie 6 15 1d6 vie vie sup\u00e9rieur 10 25 1d6 +3 vie mana 10 25 1d6 pm man sup\u00e9rieur 20 50 2d6 pm mana supr\u00eame 50 130 2d8+4 pm R\u00e9surrection 1500 Ressuscite un personnage consentant mort depuis moins de 7 jours. Force 20 50 +1 &hellip; <a href=\"https:\/\/old.lagornis.fr\/?page_id=2544\" class=\"more-link\">Continue reading <span class=\"screen-reader-text\">Potions<\/span> <span class=\"meta-nav\">&rarr;<\/span><\/a><\/p>\n","protected":false},"author":1,"featured_media":0,"parent":865,"menu_order":0,"comment_status":"open","ping_status":"closed","template":"","meta":{"footnotes":""},"class_list":["post-2544","page","type-page","status-publish","hentry"],"_links":{"self":[{"href":"https:\/\/old.lagornis.fr\/index.php?rest_route=\/wp\/v2\/pages\/2544","targetHints":{"allow":["GET"]}}],"collection":[{"href":"https:\/\/old.lagornis.fr\/index.php?rest_route=\/wp\/v2\/pages"}],"about":[{"href":"https:\/\/old.lagornis.fr\/index.php?rest_route=\/wp\/v2\/types\/page"}],"author":[{"embeddable":true,"href":"https:\/\/old.lagornis.fr\/index.php?rest_route=\/wp\/v2\/users\/1"}],"replies":[{"embeddable":true,"href":"https:\/\/old.lagornis.fr\/index.php?rest_route=%2Fwp%2Fv2%2Fcomments&post=2544"}],"version-history":[{"count":0,"href":"https:\/\/old.lagornis.fr\/index.php?rest_route=\/wp\/v2\/pages\/2544\/revisions"}],"up":[{"embeddable":true,"href":"https:\/\/old.lagornis.fr\/index.php?rest_route=\/wp\/v2\/pages\/865"}],"wp:attachment":[{"href":"https:\/\/old.lagornis.fr\/index.php?rest_route=%2Fwp%2Fv2%2Fmedia&parent=2544"}],"curies":[{"name":"wp","href":"https:\/\/api.w.org\/{rel}","templated":true}]}}