{"id":2326,"date":"2019-04-15T22:00:08","date_gmt":"2019-04-15T20:00:08","guid":{"rendered":"http:\/\/lagornis.monbacasable.fr\/?p=2326"},"modified":"2019-04-15T22:00:08","modified_gmt":"2019-04-15T20:00:08","slug":"loup-garou","status":"publish","type":"page","link":"https:\/\/old.lagornis.fr\/?page_id=2326","title":{"rendered":"Loup garou"},"content":{"rendered":"\n<p> Les loups garous sont un race secondaire (c&#8217;est \u00e0 dire qu&#8217;ils l&#8217;ont en plus de leur race principal), il s&#8217;agit d&#8217;une mal\u00e9diction transmise de g\u00e9n\u00e9ration en g\u00e9n\u00e9ration. Il existe des rituels pour changer un individu en loup garou.<\/p>\n\n\n\n<p>Ils b\u00e9n\u00e9ficient d&#8217;un bonus de +1Cons et +3pv\/niveaux  Perception olfactive + 2  sous toute leurs formes.<\/p>\n\n\n\n<p>Ils poss\u00e8dent trois formes , et  en cas de stress intense ou de blessures un loup garou peut perdre le contr\u00f4le et c\u00e9der sa place \u00e0 l&#8217;aspect sauvage du loup. Le changement de forme est le suivant : humain->bestiale->loup.<\/p>\n\n\n\n<p>Les loups garous ont acc\u00e8s \u00e0 la comp\u00e9tence de combat &#8220;combat bestial&#8221;.<\/p>\n\n\n\n<p>Les loups garous subissent l&#8217;instinct bestiale, qui les rendent plus impulsif et agressif. Ils sont sensible \u00e0 l&#8217;argent, qui provoque une r\u00e9action allergique (tous contact avec de l&#8217;argent provoque 4 points de d\u00e9g\u00e2ts, et neutralise les capacit\u00e9s de r\u00e9g\u00e9n\u00e9ration du personnage. La lumi\u00e8re de la lune d\u00e9clenche leur transformation sous forme bestiale et les rend hyper agressif (La lune leur fait perdre la plupart de leur capacit\u00e9 cognitive, les rendant hyper agressif \u00e0 l&#8217;encontre de toutes formes de vie. Et augmente leur Force et constitution de 4, et leur pouvoir racial de 5. ) <br><\/p>\n\n\n\n<h3 class=\"wp-block-heading\">Forme humain<\/h3>\n\n\n\n<p>Les loups garous sont plus fort, m\u00eame sous leur forme humaine. Ils gagnent +1 Fo<\/p>\n\n\n\n<h3 class=\"wp-block-heading\">Forme bestiale<\/h3>\n\n\n\n<p> +1Adr,+1Fo, +1Cons . La forme bestiale du loup est humano\u00efde, couverte de fourrure avec un visage et des pattes de loup massive.<\/p>\n\n\n\n<p>Morsure : 2d8+Force, h\u00e9morragie.<\/p>\n\n\n\n<p>Griffes : 1d8+Force. Multiattack double.<\/p>\n\n\n\n<h3 class=\"wp-block-heading\">Forme de loup<\/h3>\n\n\n\n<p>Les loups garous sont capable de prendre l\u2019apparence d&#8217;un loup.<\/p>\n\n\n\n<p>Statistique du loup : La forme de loup remplace les caract\u00e9ristiques physique du personnage, les bonus s&#8217;applique par dessus (pouvoir racial, mutation, puissance de loup garou). Pv:15 Cons : 2, Force : 2, Adr : 3, Dex:0. Armure naturel : 2. Vision nocturne.<\/p>\n\n\n\n<p>Morsure : 2d6+Force, h\u00e9morragie.<\/p>\n\n\n\n<p>Griffure : 1d6.<br><\/p>\n\n\n\n<h2 class=\"wp-block-heading\">Pouvoir bestiale<\/h2>\n\n\n\n<p>Les loups garous b\u00e9n\u00e9ficie d&#8217;un second pouvoir racial : <\/p>\n\n\n\n<p>p1 : +1 perception physique (auditive, olfactive, visuel)<\/p>\n\n\n\n<p>p2 : R\u00e9g\u00e9n\u00e9ration mineur : regagne 1pv\/heure, les blessures mineurs se r\u00e9sorbent chaque tour.<\/p>\n\n\n\n<p>p3 : Vision nocturne quasi parfaite en forme bestiale, vision nocturne basique en forme humaine.<\/p>\n\n\n\n<p>p4 : +1 Cons, +2pv\/niveau (r\u00e9troactif)<\/p>\n\n\n\n<p>p5 : +1Fo\/Adr<\/p>\n","protected":false},"excerpt":{"rendered":"<p>Les loups garous sont un race secondaire (c&#8217;est \u00e0 dire qu&#8217;ils l&#8217;ont en plus de leur race principal), il s&#8217;agit d&#8217;une mal\u00e9diction transmise de g\u00e9n\u00e9ration en g\u00e9n\u00e9ration. Il existe des rituels pour changer un individu en loup garou. Ils b\u00e9n\u00e9ficient d&#8217;un bonus de +1Cons et +3pv\/niveaux Perception olfactive + 2 sous toute leurs formes. Ils &hellip; <a href=\"https:\/\/old.lagornis.fr\/?page_id=2326\" class=\"more-link\">Continue reading <span class=\"screen-reader-text\">Loup garou<\/span> <span class=\"meta-nav\">&rarr;<\/span><\/a><\/p>\n","protected":false},"author":1,"featured_media":0,"parent":23,"menu_order":0,"comment_status":"open","ping_status":"closed","template":"","meta":{"footnotes":""},"class_list":["post-2326","page","type-page","status-publish","hentry"],"_links":{"self":[{"href":"https:\/\/old.lagornis.fr\/index.php?rest_route=\/wp\/v2\/pages\/2326","targetHints":{"allow":["GET"]}}],"collection":[{"href":"https:\/\/old.lagornis.fr\/index.php?rest_route=\/wp\/v2\/pages"}],"about":[{"href":"https:\/\/old.lagornis.fr\/index.php?rest_route=\/wp\/v2\/types\/page"}],"author":[{"embeddable":true,"href":"https:\/\/old.lagornis.fr\/index.php?rest_route=\/wp\/v2\/users\/1"}],"replies":[{"embeddable":true,"href":"https:\/\/old.lagornis.fr\/index.php?rest_route=%2Fwp%2Fv2%2Fcomments&post=2326"}],"version-history":[{"count":0,"href":"https:\/\/old.lagornis.fr\/index.php?rest_route=\/wp\/v2\/pages\/2326\/revisions"}],"up":[{"embeddable":true,"href":"https:\/\/old.lagornis.fr\/index.php?rest_route=\/wp\/v2\/pages\/23"}],"wp:attachment":[{"href":"https:\/\/old.lagornis.fr\/index.php?rest_route=%2Fwp%2Fv2%2Fmedia&parent=2326"}],"curies":[{"name":"wp","href":"https:\/\/api.w.org\/{rel}","templated":true}]}}