{"id":2313,"date":"2019-04-14T15:25:23","date_gmt":"2019-04-14T13:25:23","guid":{"rendered":"http:\/\/lagornis.monbacasable.fr\/?p=2313"},"modified":"2019-04-14T15:25:23","modified_gmt":"2019-04-14T13:25:23","slug":"daemon-du-pacte","status":"publish","type":"page","link":"https:\/\/old.lagornis.fr\/?page_id=2313","title":{"rendered":"D\u00e9mons"},"content":{"rendered":"\n<h2 class=\"wp-block-heading\">Vagabonds<\/h2>\n\n\n\n<h3 class=\"wp-block-heading\">Gourmet<\/h3>\n\n\n\n<h3 class=\"wp-block-heading\">Chasseur<\/h3>\n\n\n\n<h3 class=\"wp-block-heading\">Seigneur de guerre<\/h3>\n\n\n\n<h3 class=\"wp-block-heading\">D\u00e9mon du pacte<\/h3>\n\n\n\n<p>Les d\u00e9mons du pacte sont limit\u00e9 \u00e0 utiliser leurs pouvoirs pour se proteger et pour remplir les conditions d&#8217;un pacte. Leur objectif est conclure des contrats avec d&#8217;autre entit\u00e9s, offrant leurs capacit\u00e9s en echange d&#8217;\u00e9n\u00e9rgie primordial (generalement l&#8217;ame d&#8217;un individu ). <\/p>\n\n\n\n<h3 class=\"wp-block-heading\">Guardiens<\/h3>\n\n\n\n<h2 class=\"wp-block-heading\">Sedentaires<\/h2>\n\n\n\n<h3 class=\"wp-block-heading\">Administrateurs<\/h3>\n\n\n\n<h3 class=\"wp-block-heading\">Sponsors<\/h3>\n\n\n\n<p><\/p>\n","protected":false},"excerpt":{"rendered":"<p>Vagabonds Gourmet Chasseur Seigneur de guerre D\u00e9mon du pacte Les d\u00e9mons du pacte sont limit\u00e9 \u00e0 utiliser leurs pouvoirs pour se proteger et pour remplir les conditions d&#8217;un pacte. Leur objectif est conclure des contrats avec d&#8217;autre entit\u00e9s, offrant leurs capacit\u00e9s en echange d&#8217;\u00e9n\u00e9rgie primordial (generalement l&#8217;ame d&#8217;un individu ). Guardiens Sedentaires Administrateurs Sponsors<\/p>\n","protected":false},"author":1,"featured_media":0,"parent":2631,"menu_order":0,"comment_status":"open","ping_status":"closed","template":"","meta":{"footnotes":""},"class_list":["post-2313","page","type-page","status-publish","hentry"],"_links":{"self":[{"href":"https:\/\/old.lagornis.fr\/index.php?rest_route=\/wp\/v2\/pages\/2313","targetHints":{"allow":["GET"]}}],"collection":[{"href":"https:\/\/old.lagornis.fr\/index.php?rest_route=\/wp\/v2\/pages"}],"about":[{"href":"https:\/\/old.lagornis.fr\/index.php?rest_route=\/wp\/v2\/types\/page"}],"author":[{"embeddable":true,"href":"https:\/\/old.lagornis.fr\/index.php?rest_route=\/wp\/v2\/users\/1"}],"replies":[{"embeddable":true,"href":"https:\/\/old.lagornis.fr\/index.php?rest_route=%2Fwp%2Fv2%2Fcomments&post=2313"}],"version-history":[{"count":0,"href":"https:\/\/old.lagornis.fr\/index.php?rest_route=\/wp\/v2\/pages\/2313\/revisions"}],"up":[{"embeddable":true,"href":"https:\/\/old.lagornis.fr\/index.php?rest_route=\/wp\/v2\/pages\/2631"}],"wp:attachment":[{"href":"https:\/\/old.lagornis.fr\/index.php?rest_route=%2Fwp%2Fv2%2Fmedia&parent=2313"}],"curies":[{"name":"wp","href":"https:\/\/api.w.org\/{rel}","templated":true}]}}