{"id":2280,"date":"2019-03-29T18:51:51","date_gmt":"2019-03-29T17:51:51","guid":{"rendered":"http:\/\/lagornis.monbacasable.fr\/?p=2280"},"modified":"2019-03-29T18:51:51","modified_gmt":"2019-03-29T17:51:51","slug":"bestiaire","status":"publish","type":"page","link":"https:\/\/old.lagornis.fr\/?page_id=2280","title":{"rendered":"Bestiaire"},"content":{"rendered":"\n<h3 class=\"has-text-align-center wp-block-heading\" id=\"humains\">Humains<\/h3>\n\n\n\n<h3 class=\"has-text-align-center wp-block-heading\" id=\"dieux\">Dieux<\/h3>\n\n\n\n<h3 class=\"has-text-align-center wp-block-heading\" id=\"gobelins\">Gobelins<\/h3>\n\n\n\n<h3 class=\"has-text-align-center wp-block-heading\" id=\"titans\">Titans<\/h3>\n\n\n\n<h3 class=\"has-text-align-center wp-block-heading\" id=\"moira\">Mo\u00efra<\/h3>\n\n\n\n<p>Ce sont des cr\u00e9atures issu de magie primordial, ils sont cr\u00e9e par des utilisateurs de magie primordiale de Lagornis (dragons, \u00eatres primordiaux, h\u00e9ros) ou issu du chaos primordial (l\u2019\u00e9nergie constituant l&#8217;univers, voir cosmologie ) <\/p>\n\n\n\n<h3 class=\"has-text-align-center wp-block-heading\" id=\"daemon\">Exterieurs<\/h3>\n\n\n\n<p>Les Exterieurs sont des entit\u00e9s provenant d&#8217;autres univers, ils ont les capacit\u00e9s et limitations de leur univers d&#8217;origine (ils ignorent les r\u00e8gles primordial de lagornis)<\/p>\n\n\n\n<h3 class=\"has-text-align-center wp-block-heading\" id=\"creatures_magiques\">Cr\u00e9atures magiques<\/h3>\n\n\n\n<h3 class=\"has-text-align-center wp-block-heading\" id=\"etres_primordiaux\">\u00catres primordiaux<\/h3>\n\n\n\n<h3 class=\"has-text-align-center wp-block-heading\">\u00c9l\u00e9mentaires<\/h3>\n","protected":false},"excerpt":{"rendered":"<p>Humains Dieux Gobelins Titans Mo\u00efra Ce sont des cr\u00e9atures issu de magie primordial, ils sont cr\u00e9e par des utilisateurs de magie primordiale de Lagornis (dragons, \u00eatres primordiaux, h\u00e9ros) ou issu du chaos primordial (l\u2019\u00e9nergie constituant l&#8217;univers, voir cosmologie ) Exterieurs Les Exterieurs sont des entit\u00e9s provenant d&#8217;autres univers, ils ont les capacit\u00e9s et limitations de &hellip; <a href=\"https:\/\/old.lagornis.fr\/?page_id=2280\" class=\"more-link\">Continue reading <span class=\"screen-reader-text\">Bestiaire<\/span> <span class=\"meta-nav\">&rarr;<\/span><\/a><\/p>\n","protected":false},"author":1,"featured_media":0,"parent":0,"menu_order":0,"comment_status":"open","ping_status":"closed","template":"template_categorie.php","meta":{"footnotes":""},"class_list":["post-2280","page","type-page","status-publish","hentry"],"_links":{"self":[{"href":"https:\/\/old.lagornis.fr\/index.php?rest_route=\/wp\/v2\/pages\/2280","targetHints":{"allow":["GET"]}}],"collection":[{"href":"https:\/\/old.lagornis.fr\/index.php?rest_route=\/wp\/v2\/pages"}],"about":[{"href":"https:\/\/old.lagornis.fr\/index.php?rest_route=\/wp\/v2\/types\/page"}],"author":[{"embeddable":true,"href":"https:\/\/old.lagornis.fr\/index.php?rest_route=\/wp\/v2\/users\/1"}],"replies":[{"embeddable":true,"href":"https:\/\/old.lagornis.fr\/index.php?rest_route=%2Fwp%2Fv2%2Fcomments&post=2280"}],"version-history":[{"count":0,"href":"https:\/\/old.lagornis.fr\/index.php?rest_route=\/wp\/v2\/pages\/2280\/revisions"}],"wp:attachment":[{"href":"https:\/\/old.lagornis.fr\/index.php?rest_route=%2Fwp%2Fv2%2Fmedia&parent=2280"}],"curies":[{"name":"wp","href":"https:\/\/api.w.org\/{rel}","templated":true}]}}