{"id":2202,"date":"2019-03-11T23:03:23","date_gmt":"2019-03-11T22:03:23","guid":{"rendered":"http:\/\/lagornis.monbacasable.fr\/?p=2202"},"modified":"2019-03-11T23:03:23","modified_gmt":"2019-03-11T22:03:23","slug":"races-panceleniennes","status":"publish","type":"page","link":"https:\/\/old.lagornis.fr\/?page_id=2202","title":{"rendered":"Races panceleniennes"},"content":{"rendered":"\n<p>Les races panceleniennes sont les races natives de Pans\u00e9l\u00eanos. Elles suivent les r\u00e8gles standard des races dans Lagornis mais ne sont pas disponible \u00e0 la cr\u00e9ation. Pans\u00e9l\u00eanos a \u00e9galement des pathos, des f\u00e9es, des elfes et des drows. <\/p>\n\n\n\n<figure class=\"wp-block-image is-resized\"><img loading=\"lazy\" decoding=\"async\" src=\"http:\/\/old.lagornis.fr\/wp-content\/uploads\/2019\/03\/tiefling.png\" alt=\"\" class=\"wp-image-2207\" width=\"63\" height=\"92\" srcset=\"https:\/\/old.lagornis.fr\/wp-content\/uploads\/2019\/03\/tiefling.png 420w, https:\/\/old.lagornis.fr\/wp-content\/uploads\/2019\/03\/tiefling-205x300.png 205w\" sizes=\"auto, (max-width: 63px) 100vw, 63px\" \/><\/figure>\n\n\n\n<p>Tiefling : Thaumaturgie (permet de faire des actions magiques mineurs)<br><br>Pv: 6, PM : 10 AR : 4. Max Int. Int+1 <\/p>\n\n\n\n<p>Les tieflings sont des individu de nature magique, ils vivent longtemps (g\u00e9n\u00e9ralement jusqu\u2019\u00e0 300 ans) , et peuvent manipuler la r\u00e9alit\u00e9 partiellement (ils ont une affinit\u00e9 naturel pour la magie, leur permettant de voler (1PM\/min : lent, 3PM\/min rapide ), ou de d\u00e9placer de petits objets)<\/p>\n\n\n\n<p>Naturl : Bond (peut faire des bonds gigantesques) <\/p>\n\n\n\n<p>Pv : 3. PM : 8. AR : 6. Max Adr\/Dex. Min : Fo\/Con. Adr,Dex+1<\/p>\n\n\n\n<p>Il s&#8217;agit d&#8217;individu tres petits (g\u00e9n\u00e9ralement autour de 70 cm), frivole, ayant de la mousse et du lierre recouvrant et poussant sur leur corps. Il vivent tr\u00e8s proches de la nature et ne sont pas \u00e0 l&#8217;aise avec les autres individus.<\/p>\n\n\n\n<p>Dioscures : Double (Les dioscures sont accompagner toute leur vie d&#8217;un double illusoire, il leur ressemble en tout point, est capable d&#8217;utiliser la magie mais est intangible et ne peut affecter le monde. Il ne peut pas traverser la mati\u00e8re, et ne peut pas devenir invisible. Il a une personnalit\u00e9 extr\u00eamement proche de son double et ne peut pas s&#8217;en \u00e9loigner \u00e0 plus d&#8217;une centaine de m\u00e8tres. Le double illusoire utilise la magie du double physique, quand il utilise la magie le mat\u00e9riel ne peut pas en utiliser.)  <\/p>\n\n\n\n<p>Pv: 12. PM :6. Max Cons, Min : Soc,Dex. Cons +1.<\/p>\n\n\n\n<p>Les dioscures sont des individus massifs, recouvert d&#8217;un fin pelage (la couleur variant, suivant les r\u00e8gles de robes de chevaux). Ils ont un aspect \u00e9questre, avec des oreilles massives et des yeux excentr\u00e9).<\/p>\n","protected":false},"excerpt":{"rendered":"<p>Les races panceleniennes sont les races natives de Pans\u00e9l\u00eanos. Elles suivent les r\u00e8gles standard des races dans Lagornis mais ne sont pas disponible \u00e0 la cr\u00e9ation. Pans\u00e9l\u00eanos a \u00e9galement des pathos, des f\u00e9es, des elfes et des drows. Tiefling : Thaumaturgie (permet de faire des actions magiques mineurs) Pv: 6, PM : 10 AR : &hellip; <a href=\"https:\/\/old.lagornis.fr\/?page_id=2202\" class=\"more-link\">Continue reading <span class=\"screen-reader-text\">Races panceleniennes<\/span> <span class=\"meta-nav\">&rarr;<\/span><\/a><\/p>\n","protected":false},"author":1,"featured_media":0,"parent":23,"menu_order":0,"comment_status":"open","ping_status":"closed","template":"","meta":{"footnotes":""},"class_list":["post-2202","page","type-page","status-publish","hentry"],"_links":{"self":[{"href":"https:\/\/old.lagornis.fr\/index.php?rest_route=\/wp\/v2\/pages\/2202","targetHints":{"allow":["GET"]}}],"collection":[{"href":"https:\/\/old.lagornis.fr\/index.php?rest_route=\/wp\/v2\/pages"}],"about":[{"href":"https:\/\/old.lagornis.fr\/index.php?rest_route=\/wp\/v2\/types\/page"}],"author":[{"embeddable":true,"href":"https:\/\/old.lagornis.fr\/index.php?rest_route=\/wp\/v2\/users\/1"}],"replies":[{"embeddable":true,"href":"https:\/\/old.lagornis.fr\/index.php?rest_route=%2Fwp%2Fv2%2Fcomments&post=2202"}],"version-history":[{"count":0,"href":"https:\/\/old.lagornis.fr\/index.php?rest_route=\/wp\/v2\/pages\/2202\/revisions"}],"up":[{"embeddable":true,"href":"https:\/\/old.lagornis.fr\/index.php?rest_route=\/wp\/v2\/pages\/23"}],"wp:attachment":[{"href":"https:\/\/old.lagornis.fr\/index.php?rest_route=%2Fwp%2Fv2%2Fmedia&parent=2202"}],"curies":[{"name":"wp","href":"https:\/\/api.w.org\/{rel}","templated":true}]}}