{"id":168,"date":"2018-01-11T19:21:19","date_gmt":"2018-01-11T18:21:19","guid":{"rendered":"http:\/\/lagornis.monbacasable.fr\/?p=168"},"modified":"2018-01-11T19:21:19","modified_gmt":"2018-01-11T18:21:19","slug":"monter-de-niveau","status":"publish","type":"page","link":"https:\/\/old.lagornis.fr\/?page_id=168","title":{"rendered":"Monter de niveau"},"content":{"rendered":"\n<p>Les niveaux suppl\u00e9mentaires s\u2019ach\u00e8tent avec de l\u2019exp\u00e9rience.<br>Niveau vise * 10 (Soit 20 pts exp pour le niveau 2)<\/p>\n\n\n\n<p>La mont\u00e9 de niveau donne : 4 pts \u00e0 repartir entre pv,pm\u00b7c +(soit INT soit INT+SOC\/2 arrondi sup) points de comp\u00e9tences et au choix :<\/p>\n\n\n\n<ul class=\"wp-block-list\"><li>-1 points de caract\u00e9ristique et 3 points de comp\u00e9tences<\/li><li>-6 points de comp\u00e9tences<\/li><li>-1 points de caract\u00e9ristique et 3 points \u00e0 repartir (pv,mag .. )<\/li><li>-1 point de destin<\/li><li>-2 effets de destins +10 (en cas de sup\u00e9rieur \u00e0 100, le joueur choisi l&#8217;effet de son choix)<\/li><\/ul>\n\n\n\n<p>Les points de caract\u00e9ristiques bonus ne sont pas soumis aux limites de races initial. Les points de comp\u00e9tences permettent d&#8217;am\u00e9liorer des comp\u00e9tences. Les comp\u00e9tences de niveau sup\u00e9rieur \u00e0 5 coute deux points pour augmenter, celle sup\u00e9rieur \u00e0 8 coutent 3 (etc ).<\/p>\n\n\n\n<p>Le niveau maximum des comp\u00e9tences augmente de 2 (au niveau 1, une comp\u00e9tence ne peut pas avoir un niveau de maitrise ou de puissance sup\u00e9rieurs \u00e0 4, au niveau 2 cette limite passe \u00e0 6, ect. )<br>Le niveau maximum d&#8217;une caract\u00e9ristique est 6, sauf la caract\u00e9ristique de race qui peut atteindre 7 et la caract\u00e9ristique minimum de race qui est bloqu\u00e9 \u00e0 5.<\/p>\n\n\n\n<p> Le passage du niveau 1 de maitrise d\u2019une comp\u00e9tence attribue  gratuitement le niveau 1 de puissance correspondant. (Sauf pour les  comp\u00e9tences simples). Les niveaux de puissances coutent toujours 1 point  de plus que le m\u00eame niveau en maitrise.<br> Une comp\u00e9tence simple ne contient que des niveaux de maitrise ou des niveaux de puissance. Les comp\u00e9tences simple(puissances) coutent 2 \u00e0 acqu\u00e9rir, puis le coup habituel d\u2019un niveau de puissance. <\/p>\n\n\n\n<p>Les comp\u00e9tences de l&#8217;aspect primordial coutent le double de points de comp\u00e9tences pour \u00eatre augmenter. Le niveau de puissance est limit\u00e9 par le niveau de personnage.<\/p>\n\n\n\n<p>Les comp\u00e9tences l\u00e9gendaires ou anciennes coutent 1 de plus \u00e0 tous moment. <\/p>\n\n\n\n<p>Le pouvoir racial peut \u00eatre augment\u00e9 comme un comp\u00e9tence. Le niveau de puissance est limit\u00e9 par le niveau de personnage. <\/p>\n\n\n\n<p>Calculer <a href=\"http:\/\/lagornis.fr\/aura-magique\/\">l&#8217;aura magique et la perception magique<\/a><\/p>\n\n\n\n<p>V\u00e9rifier les \u00e9ventuelles bonus li\u00e9 aux <a href=\"http:\/\/lagornis.fr\/caracteristiques\/\">carac<\/a> ou les <a href=\"http:\/\/lagornis.fr\/talents\/\">talents<\/a><br><\/p>\n\n\n\n<p><br><\/p>\n","protected":false},"excerpt":{"rendered":"<p>Les niveaux suppl\u00e9mentaires s\u2019ach\u00e8tent avec de l\u2019exp\u00e9rience.Niveau vise * 10 (Soit 20 pts exp pour le niveau 2) La mont\u00e9 de niveau donne : 4 pts \u00e0 repartir entre pv,pm\u00b7c +(soit INT soit INT+SOC\/2 arrondi sup) points de comp\u00e9tences et au choix : -1 points de caract\u00e9ristique et 3 points de comp\u00e9tences -6 points de &hellip; <a href=\"https:\/\/old.lagornis.fr\/?page_id=168\" class=\"more-link\">Continue reading <span class=\"screen-reader-text\">Monter de niveau<\/span> <span class=\"meta-nav\">&rarr;<\/span><\/a><\/p>\n","protected":false},"author":1,"featured_media":820,"parent":2697,"menu_order":0,"comment_status":"open","ping_status":"closed","template":"","meta":{"footnotes":""},"class_list":["post-168","page","type-page","status-publish","has-post-thumbnail","hentry"],"_links":{"self":[{"href":"https:\/\/old.lagornis.fr\/index.php?rest_route=\/wp\/v2\/pages\/168","targetHints":{"allow":["GET"]}}],"collection":[{"href":"https:\/\/old.lagornis.fr\/index.php?rest_route=\/wp\/v2\/pages"}],"about":[{"href":"https:\/\/old.lagornis.fr\/index.php?rest_route=\/wp\/v2\/types\/page"}],"author":[{"embeddable":true,"href":"https:\/\/old.lagornis.fr\/index.php?rest_route=\/wp\/v2\/users\/1"}],"replies":[{"embeddable":true,"href":"https:\/\/old.lagornis.fr\/index.php?rest_route=%2Fwp%2Fv2%2Fcomments&post=168"}],"version-history":[{"count":0,"href":"https:\/\/old.lagornis.fr\/index.php?rest_route=\/wp\/v2\/pages\/168\/revisions"}],"up":[{"embeddable":true,"href":"https:\/\/old.lagornis.fr\/index.php?rest_route=\/wp\/v2\/pages\/2697"}],"wp:featuredmedia":[{"embeddable":true,"href":"https:\/\/old.lagornis.fr\/index.php?rest_route=\/wp\/v2\/media\/820"}],"wp:attachment":[{"href":"https:\/\/old.lagornis.fr\/index.php?rest_route=%2Fwp%2Fv2%2Fmedia&parent=168"}],"curies":[{"name":"wp","href":"https:\/\/api.w.org\/{rel}","templated":true}]}}